{"id":90,"date":"2021-06-14T18:32:45","date_gmt":"2021-06-14T18:32:45","guid":{"rendered":"https:\/\/patrimoineduquebec.com\/vent\/?page_id=90"},"modified":"2021-08-28T13:03:51","modified_gmt":"2021-08-28T13:03:51","slug":"livres","status":"publish","type":"page","link":"https:\/\/patrimoineduquebec.com\/vent\/livres\/","title":{"rendered":"Livres sur les moulins \u00e0 vent"},"content":{"rendered":"\n<p class=\"has-medium-font-size\">Voici quelques livres qui ont \u00e9t\u00e9 publi\u00e9s sur les moulins \u00e0 vent. Certains sont assez r\u00e9cents et faciles \u00e0 trouver dans la plupart des librairies. D\u2019autres sont plus anciens et il faudra de la patience pour les rep\u00e9rer. Votre biblioth\u00e8que municipale peut \u00eatre une bonne fa\u00e7on de consulter ces livres gratuitement.<\/p>\n\n\n\n<div style=\"height:70px\" aria-hidden=\"true\" class=\"wp-block-spacer\"><\/div>\n\n\n\n<figure class=\"wp-block-image size-large\"><img loading=\"lazy\" decoding=\"async\" width=\"974\" height=\"1024\" src=\"https:\/\/patrimoineduquebec.com\/vent\/wp-content\/uploads\/2021\/08\/Numeriser-3-974x1024.jpeg\" alt=\"\" class=\"wp-image-227\" srcset=\"https:\/\/patrimoineduquebec.com\/vent\/wp-content\/uploads\/2021\/08\/Numeriser-3-974x1024.jpeg 974w, https:\/\/patrimoineduquebec.com\/vent\/wp-content\/uploads\/2021\/08\/Numeriser-3-285x300.jpeg 285w, https:\/\/patrimoineduquebec.com\/vent\/wp-content\/uploads\/2021\/08\/Numeriser-3-768x807.jpeg 768w, https:\/\/patrimoineduquebec.com\/vent\/wp-content\/uploads\/2021\/08\/Numeriser-3-1462x1536.jpeg 1462w, https:\/\/patrimoineduquebec.com\/vent\/wp-content\/uploads\/2021\/08\/Numeriser-3-1949x2048.jpeg 1949w, https:\/\/patrimoineduquebec.com\/vent\/wp-content\/uploads\/2021\/08\/Numeriser-3-624x656.jpeg 624w\" sizes=\"auto, (max-width: 974px) 100vw, 974px\" \/><\/figure>\n\n\n\n<p class=\"has-medium-font-size\">\u00ab<strong>Quand le vent faisait tourner les moulins\u00bb<\/strong>&nbsp;est le plus r\u00e9cent des livres sur les moulins \u00e0 vent. Publi\u00e9 en 2009 aux&nbsp;<em>\u00c9ditions du Septentrion<\/em>, l\u2019auteur est Gilles Desch\u00eanes.&nbsp;<\/p>\n\n\n\n<hr class=\"wp-block-separator is-style-wide\"\/>\n\n\n\n<figure class=\"wp-block-image size-large\"><img loading=\"lazy\" decoding=\"async\" width=\"1024\" height=\"1017\" src=\"https:\/\/patrimoineduquebec.com\/vent\/wp-content\/uploads\/2021\/08\/Numeriser-2-1024x1017.jpeg\" alt=\"\" class=\"wp-image-228\" srcset=\"https:\/\/patrimoineduquebec.com\/vent\/wp-content\/uploads\/2021\/08\/Numeriser-2-1024x1017.jpeg 1024w, https:\/\/patrimoineduquebec.com\/vent\/wp-content\/uploads\/2021\/08\/Numeriser-2-300x298.jpeg 300w, https:\/\/patrimoineduquebec.com\/vent\/wp-content\/uploads\/2021\/08\/Numeriser-2-150x150.jpeg 150w, https:\/\/patrimoineduquebec.com\/vent\/wp-content\/uploads\/2021\/08\/Numeriser-2-768x763.jpeg 768w, https:\/\/patrimoineduquebec.com\/vent\/wp-content\/uploads\/2021\/08\/Numeriser-2-1536x1526.jpeg 1536w, https:\/\/patrimoineduquebec.com\/vent\/wp-content\/uploads\/2021\/08\/Numeriser-2-2048x2034.jpeg 2048w, https:\/\/patrimoineduquebec.com\/vent\/wp-content\/uploads\/2021\/08\/Numeriser-2-624x620.jpeg 624w\" sizes=\"auto, (max-width: 1024px) 100vw, 1024px\" \/><\/figure>\n\n\n\n<p class=\"has-medium-font-size\">Publi\u00e9 en 1999 aux&nbsp;<em>\u00c9ditions<\/em>&nbsp;<em>La Plume d\u2019Oie<\/em>, le livre&nbsp;<strong>\u00abLa tourn\u00e9e des vieux moulins \u00e0 vent du Qu\u00e9bec\u00bb<\/strong>&nbsp;est un incontournable pour tous les amateurs de moulins. Les auteurs sont Laval Gagnon et Kathy Paradis. Vous y trouverez de belles illustrations, des photos d\u2019archives et plein d\u2019informations sur tous nos moulins \u00e0 vent du Qu\u00e9bec.<\/p>\n\n\n\n<hr class=\"wp-block-separator is-style-wide\"\/>\n\n\n\n<figure class=\"wp-block-image size-full\"><img loading=\"lazy\" decoding=\"async\" width=\"419\" height=\"615\" src=\"https:\/\/patrimoineduquebec.com\/vent\/wp-content\/uploads\/2021\/08\/Capture-decran-le-2021-08-13-a-07.50.30.png\" alt=\"\" class=\"wp-image-229\" srcset=\"https:\/\/patrimoineduquebec.com\/vent\/wp-content\/uploads\/2021\/08\/Capture-decran-le-2021-08-13-a-07.50.30.png 419w, https:\/\/patrimoineduquebec.com\/vent\/wp-content\/uploads\/2021\/08\/Capture-decran-le-2021-08-13-a-07.50.30-204x300.png 204w\" sizes=\"auto, (max-width: 419px) 100vw, 419px\" \/><\/figure>\n\n\n\n<p class=\"has-medium-font-size\">Publi\u00e9 en 1979 aux&nbsp;<em>\u00c9ditions Jeanne Laffitte<\/em>, le livre&nbsp;<strong>\u00abLes moulins\u00bb<\/strong>&nbsp;est maintenant difficile \u00e0 trouver puisqu\u2019il a d\u00e9j\u00e0 plus de 30 ans. L\u2019auteur est Jean Orsatelli. Ce livre qui comporte plusieurs dessins et sch\u00e9mas saura vous renseigner sur le fonctionnement des moulins \u00e0 vent. On y voit aussi les diff\u00e9rents types de moulins, comme par exemple les moulins \u00e0 eau.<\/p>\n\n\n\n<hr class=\"wp-block-separator is-style-wide\"\/>\n\n\n\n<figure class=\"wp-block-image size-large\"><img loading=\"lazy\" decoding=\"async\" width=\"1024\" height=\"907\" src=\"https:\/\/patrimoineduquebec.com\/vent\/wp-content\/uploads\/2021\/08\/IMG_1517-1024x907.jpg\" alt=\"\" class=\"wp-image-230\" srcset=\"https:\/\/patrimoineduquebec.com\/vent\/wp-content\/uploads\/2021\/08\/IMG_1517-1024x907.jpg 1024w, https:\/\/patrimoineduquebec.com\/vent\/wp-content\/uploads\/2021\/08\/IMG_1517-300x266.jpg 300w, https:\/\/patrimoineduquebec.com\/vent\/wp-content\/uploads\/2021\/08\/IMG_1517-768x680.jpg 768w, https:\/\/patrimoineduquebec.com\/vent\/wp-content\/uploads\/2021\/08\/IMG_1517-1536x1360.jpg 1536w, https:\/\/patrimoineduquebec.com\/vent\/wp-content\/uploads\/2021\/08\/IMG_1517-2048x1814.jpg 2048w, https:\/\/patrimoineduquebec.com\/vent\/wp-content\/uploads\/2021\/08\/IMG_1517-624x553.jpg 624w\" sizes=\"auto, (max-width: 1024px) 100vw, 1024px\" \/><\/figure>\n\n\n\n<p class=\"has-medium-font-size\">Le livre&nbsp;<strong>\u00abMon Qu\u00e9bec : ses moulins \u00e0 vent\u00bb&nbsp;<\/strong>a \u00e9t\u00e9 publi\u00e9 en 1976 aux&nbsp;<em>\u00c9ditions Promotion Mon Qu\u00e9bec<\/em>. L\u2019auteur est Gilles E. Gingras. Ce livre aussi est \u00e9puis\u00e9 depuis de nombreuses ann\u00e9es et il sera donc difficile \u00e0 localiser. On y trouve de belles illustrations et surtout des textes tr\u00e8s po\u00e9tiques. De plus, la plupart des informations sont en anglais et en fran\u00e7ais. Une belle pi\u00e8ce de collection.<\/p>\n\n\n\n<hr class=\"wp-block-separator is-style-wide\"\/>\n\n\n\n<figure class=\"wp-block-image size-full\"><img loading=\"lazy\" decoding=\"async\" width=\"422\" height=\"631\" src=\"https:\/\/patrimoineduquebec.com\/vent\/wp-content\/uploads\/2021\/08\/Capture-decran-le-2021-08-13-a-07.53.02.png\" alt=\"\" class=\"wp-image-231\" srcset=\"https:\/\/patrimoineduquebec.com\/vent\/wp-content\/uploads\/2021\/08\/Capture-decran-le-2021-08-13-a-07.53.02.png 422w, https:\/\/patrimoineduquebec.com\/vent\/wp-content\/uploads\/2021\/08\/Capture-decran-le-2021-08-13-a-07.53.02-201x300.png 201w\" sizes=\"auto, (max-width: 422px) 100vw, 422px\" \/><\/figure>\n\n\n\n<p class=\"has-medium-font-size\">\u00ab<strong>Le grain, la meule et les vents<\/strong>\u00bb de Dominique Laperle a \u00e9t\u00e9 publi\u00e9 en 2003 aux \u00c9ditions GID.<\/p>\n\n\n\n<hr class=\"wp-block-separator is-style-wide\"\/>\n\n\n\n<figure class=\"wp-block-image size-full\"><img loading=\"lazy\" decoding=\"async\" width=\"331\" height=\"536\" src=\"https:\/\/patrimoineduquebec.com\/vent\/wp-content\/uploads\/2021\/08\/Capture-decran-le-2021-08-13-a-07.54.23.png\" alt=\"\" class=\"wp-image-232\" srcset=\"https:\/\/patrimoineduquebec.com\/vent\/wp-content\/uploads\/2021\/08\/Capture-decran-le-2021-08-13-a-07.54.23.png 331w, https:\/\/patrimoineduquebec.com\/vent\/wp-content\/uploads\/2021\/08\/Capture-decran-le-2021-08-13-a-07.54.23-185x300.png 185w\" sizes=\"auto, (max-width: 331px) 100vw, 331px\" \/><\/figure>\n\n\n\n<p class=\"has-medium-font-size\">\u00ab<strong>Moulins et meuniers du Bas-Lachine<\/strong>\u00bbest un cahier de 122 pages publi\u00e9 en 1995 par Denis Gravel aux \u00c9ditions \u00abLes cahiers du Septentrion\u00bb.&nbsp;<\/p>\n\n\n\n<p class=\"has-medium-font-size\">APR\u00c8S AVOIR PR\u00c9SENT\u00c9 les diff\u00e9rents meuniers du Bas-Lachine et leurs conditions de travail, cet ouvrage montre l&rsquo;\u00e9volution de la meunerie dans la partie de la paroisse de Lachine qui est connue aujourd&rsquo;hui sous le nom de \u00a0\u00bb LaSalle \u00ab\u00a0. Il expose particuli\u00e8rement les relations entre William Flemming, propri\u00e9taire d&rsquo;un moulin \u00e0 vent qui existe encore \u00e0 LaSalle, et le S\u00e9minaire de Saint-Sulpice, propri\u00e9taire de la seigneurie.<\/p>\n\n\n\n<hr class=\"wp-block-separator is-style-wide\"\/>\n\n\n\n<figure class=\"wp-block-image size-full\"><img loading=\"lazy\" decoding=\"async\" width=\"421\" height=\"628\" src=\"https:\/\/patrimoineduquebec.com\/vent\/wp-content\/uploads\/2021\/08\/Capture-decran-le-2021-08-13-a-07.55.37.png\" alt=\"\" class=\"wp-image-233\" srcset=\"https:\/\/patrimoineduquebec.com\/vent\/wp-content\/uploads\/2021\/08\/Capture-decran-le-2021-08-13-a-07.55.37.png 421w, https:\/\/patrimoineduquebec.com\/vent\/wp-content\/uploads\/2021\/08\/Capture-decran-le-2021-08-13-a-07.55.37-201x300.png 201w\" sizes=\"auto, (max-width: 421px) 100vw, 421px\" \/><\/figure>\n\n\n\n<p class=\"has-medium-font-size\">\u00ab<strong>Le moulin du Gros-Sault<\/strong>\u00bb 121 pages, a \u00e9t\u00e9 publi\u00e9 en 1939 par Robert Pr\u00e9vost aux \u00c9ditions Archonte.<\/p>\n\n\n\n<hr class=\"wp-block-separator is-style-wide\"\/>\n\n\n\n<figure class=\"wp-block-image size-full\"><img loading=\"lazy\" decoding=\"async\" width=\"424\" height=\"526\" src=\"https:\/\/patrimoineduquebec.com\/vent\/wp-content\/uploads\/2021\/08\/Capture-decran-le-2021-08-13-a-07.56.31.png\" alt=\"\" class=\"wp-image-234\" srcset=\"https:\/\/patrimoineduquebec.com\/vent\/wp-content\/uploads\/2021\/08\/Capture-decran-le-2021-08-13-a-07.56.31.png 424w, https:\/\/patrimoineduquebec.com\/vent\/wp-content\/uploads\/2021\/08\/Capture-decran-le-2021-08-13-a-07.56.31-242x300.png 242w\" sizes=\"auto, (max-width: 424px) 100vw, 424px\" \/><\/figure>\n\n\n\n<p class=\"has-medium-font-size\">\u00ab<strong>Des moulins et des hommes<\/strong>\u00bb a \u00e9t\u00e9 publi\u00e9 en 2005 par Michel Langlois aux \u00c9ditions \u00abLa maison des anc\u00eatres\u00bb<\/p>\n\n\n\n<hr class=\"wp-block-separator is-style-wide\"\/>\n\n\n\n<figure class=\"wp-block-image size-full\"><img loading=\"lazy\" decoding=\"async\" width=\"423\" height=\"551\" src=\"https:\/\/patrimoineduquebec.com\/vent\/wp-content\/uploads\/2021\/08\/Capture-decran-le-2021-08-13-a-07.57.57.png\" alt=\"\" class=\"wp-image-235\" srcset=\"https:\/\/patrimoineduquebec.com\/vent\/wp-content\/uploads\/2021\/08\/Capture-decran-le-2021-08-13-a-07.57.57.png 423w, https:\/\/patrimoineduquebec.com\/vent\/wp-content\/uploads\/2021\/08\/Capture-decran-le-2021-08-13-a-07.57.57-230x300.png 230w\" sizes=\"auto, (max-width: 423px) 100vw, 423px\" \/><\/figure>\n\n\n\n<p class=\"has-medium-font-size\">\u00ab<strong>Histoire Qu\u00e9bec<\/strong>\u00bb est une revue dont l\u2019\u00e9diteur est \u00abLa F\u00e9d\u00e9ration des soci\u00e9t\u00e9s d\u2019histoires du Qu\u00e9bec\u00bb. Le pr\u00e9sent num\u00e9ro est disponible en ligne&nbsp;<a href=\"http:\/\/www.erudit.org\/culture\/hq1056841\/hq1212438\/index.html\"><span style=\"color:#6550ff\" class=\"has-inline-color\">e<\/span><\/a><a rel=\"noreferrer noopener\" href=\"http:\/\/www.erudit.org\/culture\/hq1056841\/hq1212438\/index.html\" target=\"_blank\"><span style=\"color:#6550ff\" class=\"has-inline-color\">n cliquant ici<\/span><\/a>.<\/p>\n","protected":false},"excerpt":{"rendered":"<p>Voici quelques livres qui ont \u00e9t\u00e9 publi\u00e9s sur les moulins \u00e0 vent. Certains sont assez r\u00e9cents et faciles \u00e0 trouver dans la plupart des librairies. D\u2019autres sont plus anciens et il faudra de la patience pour les rep\u00e9rer. Votre biblioth\u00e8que municipale peut \u00eatre une bonne fa\u00e7on de consulter ces livres gratuitement. \u00abQuand le vent faisait [&hellip;]<\/p>\n","protected":false},"author":1,"featured_media":0,"parent":0,"menu_order":0,"comment_status":"closed","ping_status":"closed","template":"","meta":{"footnotes":""},"class_list":["post-90","page","type-page","status-publish","hentry"],"_links":{"self":[{"href":"https:\/\/patrimoineduquebec.com\/vent\/wp-json\/wp\/v2\/pages\/90","targetHints":{"allow":["GET"]}}],"collection":[{"href":"https:\/\/patrimoineduquebec.com\/vent\/wp-json\/wp\/v2\/pages"}],"about":[{"href":"https:\/\/patrimoineduquebec.com\/vent\/wp-json\/wp\/v2\/types\/page"}],"author":[{"embeddable":true,"href":"https:\/\/patrimoineduquebec.com\/vent\/wp-json\/wp\/v2\/users\/1"}],"replies":[{"embeddable":true,"href":"https:\/\/patrimoineduquebec.com\/vent\/wp-json\/wp\/v2\/comments?post=90"}],"version-history":[{"count":6,"href":"https:\/\/patrimoineduquebec.com\/vent\/wp-json\/wp\/v2\/pages\/90\/revisions"}],"predecessor-version":[{"id":696,"href":"https:\/\/patrimoineduquebec.com\/vent\/wp-json\/wp\/v2\/pages\/90\/revisions\/696"}],"wp:attachment":[{"href":"https:\/\/patrimoineduquebec.com\/vent\/wp-json\/wp\/v2\/media?parent=90"}],"curies":[{"name":"wp","href":"https:\/\/api.w.org\/{rel}","templated":true}]}}

Livres sur les moulins à vent

<p class="has-medium-font-size">Voici quelques livres qui ont été publiés sur les moulins à vent. Certains sont assez récents et faciles à trouver dans la plupart des librairies. D’autres sont plus anciens et il faudra de la patience pour les repérer. Votre bibliothèque municipale peut être une bonne façon de consulter ces livres gratuitement.</p>



<div style="height:70px" aria-hidden="true" class="wp-block-spacer"></div>



<figure class="wp-block-image size-large"><img loading="lazy" decoding="async" width="974" height="1024" src="https://patrimoineduquebec.com/vent/wp-content/uploads/2021/08/Numeriser-3-974x1024.jpeg" alt="" class="wp-image-227" srcset="https://patrimoineduquebec.com/vent/wp-content/uploads/2021/08/Numeriser-3-974x1024.jpeg 974w, https://patrimoineduquebec.com/vent/wp-content/uploads/2021/08/Numeriser-3-285x300.jpeg 285w, https://patrimoineduquebec.com/vent/wp-content/uploads/2021/08/Numeriser-3-768x807.jpeg 768w, https://patrimoineduquebec.com/vent/wp-content/uploads/2021/08/Numeriser-3-1462x1536.jpeg 1462w, https://patrimoineduquebec.com/vent/wp-content/uploads/2021/08/Numeriser-3-1949x2048.jpeg 1949w, https://patrimoineduquebec.com/vent/wp-content/uploads/2021/08/Numeriser-3-624x656.jpeg 624w" sizes="auto, (max-width: 974px) 100vw, 974px" /></figure>



<p class="has-medium-font-size">«<strong>Quand le vent faisait tourner les moulins»</strong>&nbsp;est le plus récent des livres sur les moulins à vent. Publié en 2009 aux&nbsp;<em>Éditions du Septentrion</em>, l’auteur est Gilles Deschênes.&nbsp;</p>



<hr class="wp-block-separator is-style-wide"/>



<figure class="wp-block-image size-large"><img loading="lazy" decoding="async" width="1024" height="1017" src="https://patrimoineduquebec.com/vent/wp-content/uploads/2021/08/Numeriser-2-1024x1017.jpeg" alt="" class="wp-image-228" srcset="https://patrimoineduquebec.com/vent/wp-content/uploads/2021/08/Numeriser-2-1024x1017.jpeg 1024w, https://patrimoineduquebec.com/vent/wp-content/uploads/2021/08/Numeriser-2-300x298.jpeg 300w, https://patrimoineduquebec.com/vent/wp-content/uploads/2021/08/Numeriser-2-150x150.jpeg 150w, https://patrimoineduquebec.com/vent/wp-content/uploads/2021/08/Numeriser-2-768x763.jpeg 768w, https://patrimoineduquebec.com/vent/wp-content/uploads/2021/08/Numeriser-2-1536x1526.jpeg 1536w, https://patrimoineduquebec.com/vent/wp-content/uploads/2021/08/Numeriser-2-2048x2034.jpeg 2048w, https://patrimoineduquebec.com/vent/wp-content/uploads/2021/08/Numeriser-2-624x620.jpeg 624w" sizes="auto, (max-width: 1024px) 100vw, 1024px" /></figure>



<p class="has-medium-font-size">Publié en 1999 aux&nbsp;<em>Éditions</em>&nbsp;<em>La Plume d’Oie</em>, le livre&nbsp;<strong>«La tournée des vieux moulins à vent du Québec»</strong>&nbsp;est un incontournable pour tous les amateurs de moulins. Les auteurs sont Laval Gagnon et Kathy Paradis. Vous y trouverez de belles illustrations, des photos d’archives et plein d’informations sur tous nos moulins à vent du Québec.</p>



<hr class="wp-block-separator is-style-wide"/>



<figure class="wp-block-image size-full"><img loading="lazy" decoding="async" width="419" height="615" src="https://patrimoineduquebec.com/vent/wp-content/uploads/2021/08/Capture-decran-le-2021-08-13-a-07.50.30.png" alt="" class="wp-image-229" srcset="https://patrimoineduquebec.com/vent/wp-content/uploads/2021/08/Capture-decran-le-2021-08-13-a-07.50.30.png 419w, https://patrimoineduquebec.com/vent/wp-content/uploads/2021/08/Capture-decran-le-2021-08-13-a-07.50.30-204x300.png 204w" sizes="auto, (max-width: 419px) 100vw, 419px" /></figure>



<p class="has-medium-font-size">Publié en 1979 aux&nbsp;<em>Éditions Jeanne Laffitte</em>, le livre&nbsp;<strong>«Les moulins»</strong>&nbsp;est maintenant difficile à trouver puisqu’il a déjà plus de 30 ans. L’auteur est Jean Orsatelli. Ce livre qui comporte plusieurs dessins et schémas saura vous renseigner sur le fonctionnement des moulins à vent. On y voit aussi les différents types de moulins, comme par exemple les moulins à eau.</p>



<hr class="wp-block-separator is-style-wide"/>



<figure class="wp-block-image size-large"><img loading="lazy" decoding="async" width="1024" height="907" src="https://patrimoineduquebec.com/vent/wp-content/uploads/2021/08/IMG_1517-1024x907.jpg" alt="" class="wp-image-230" srcset="https://patrimoineduquebec.com/vent/wp-content/uploads/2021/08/IMG_1517-1024x907.jpg 1024w, https://patrimoineduquebec.com/vent/wp-content/uploads/2021/08/IMG_1517-300x266.jpg 300w, https://patrimoineduquebec.com/vent/wp-content/uploads/2021/08/IMG_1517-768x680.jpg 768w, https://patrimoineduquebec.com/vent/wp-content/uploads/2021/08/IMG_1517-1536x1360.jpg 1536w, https://patrimoineduquebec.com/vent/wp-content/uploads/2021/08/IMG_1517-2048x1814.jpg 2048w, https://patrimoineduquebec.com/vent/wp-content/uploads/2021/08/IMG_1517-624x553.jpg 624w" sizes="auto, (max-width: 1024px) 100vw, 1024px" /></figure>



<p class="has-medium-font-size">Le livre&nbsp;<strong>«Mon Québec : ses moulins à vent»&nbsp;</strong>a été publié en 1976 aux&nbsp;<em>Éditions Promotion Mon Québec</em>. L’auteur est Gilles E. Gingras. Ce livre aussi est épuisé depuis de nombreuses années et il sera donc difficile à localiser. On y trouve de belles illustrations et surtout des textes très poétiques. De plus, la plupart des informations sont en anglais et en français. Une belle pièce de collection.</p>



<hr class="wp-block-separator is-style-wide"/>



<figure class="wp-block-image size-full"><img loading="lazy" decoding="async" width="422" height="631" src="https://patrimoineduquebec.com/vent/wp-content/uploads/2021/08/Capture-decran-le-2021-08-13-a-07.53.02.png" alt="" class="wp-image-231" srcset="https://patrimoineduquebec.com/vent/wp-content/uploads/2021/08/Capture-decran-le-2021-08-13-a-07.53.02.png 422w, https://patrimoineduquebec.com/vent/wp-content/uploads/2021/08/Capture-decran-le-2021-08-13-a-07.53.02-201x300.png 201w" sizes="auto, (max-width: 422px) 100vw, 422px" /></figure>



<p class="has-medium-font-size">«<strong>Le grain, la meule et les vents</strong>» de Dominique Laperle a été publié en 2003 aux Éditions GID.</p>



<hr class="wp-block-separator is-style-wide"/>



<figure class="wp-block-image size-full"><img loading="lazy" decoding="async" width="331" height="536" src="https://patrimoineduquebec.com/vent/wp-content/uploads/2021/08/Capture-decran-le-2021-08-13-a-07.54.23.png" alt="" class="wp-image-232" srcset="https://patrimoineduquebec.com/vent/wp-content/uploads/2021/08/Capture-decran-le-2021-08-13-a-07.54.23.png 331w, https://patrimoineduquebec.com/vent/wp-content/uploads/2021/08/Capture-decran-le-2021-08-13-a-07.54.23-185x300.png 185w" sizes="auto, (max-width: 331px) 100vw, 331px" /></figure>



<p class="has-medium-font-size">«<strong>Moulins et meuniers du Bas-Lachine</strong>»est un cahier de 122 pages publié en 1995 par Denis Gravel aux Éditions «Les cahiers du Septentrion».&nbsp;</p>



<p class="has-medium-font-size">APRÈS AVOIR PRÉSENTÉ les différents meuniers du Bas-Lachine et leurs conditions de travail, cet ouvrage montre l&rsquo;évolution de la meunerie dans la partie de la paroisse de Lachine qui est connue aujourd&rsquo;hui sous le nom de  » LaSalle « . Il expose particulièrement les relations entre William Flemming, propriétaire d&rsquo;un moulin à vent qui existe encore à LaSalle, et le Séminaire de Saint-Sulpice, propriétaire de la seigneurie.</p>



<hr class="wp-block-separator is-style-wide"/>



<figure class="wp-block-image size-full"><img loading="lazy" decoding="async" width="421" height="628" src="https://patrimoineduquebec.com/vent/wp-content/uploads/2021/08/Capture-decran-le-2021-08-13-a-07.55.37.png" alt="" class="wp-image-233" srcset="https://patrimoineduquebec.com/vent/wp-content/uploads/2021/08/Capture-decran-le-2021-08-13-a-07.55.37.png 421w, https://patrimoineduquebec.com/vent/wp-content/uploads/2021/08/Capture-decran-le-2021-08-13-a-07.55.37-201x300.png 201w" sizes="auto, (max-width: 421px) 100vw, 421px" /></figure>



<p class="has-medium-font-size">«<strong>Le moulin du Gros-Sault</strong>» 121 pages, a été publié en 1939 par Robert Prévost aux Éditions Archonte.</p>



<hr class="wp-block-separator is-style-wide"/>



<figure class="wp-block-image size-full"><img loading="lazy" decoding="async" width="424" height="526" src="https://patrimoineduquebec.com/vent/wp-content/uploads/2021/08/Capture-decran-le-2021-08-13-a-07.56.31.png" alt="" class="wp-image-234" srcset="https://patrimoineduquebec.com/vent/wp-content/uploads/2021/08/Capture-decran-le-2021-08-13-a-07.56.31.png 424w, https://patrimoineduquebec.com/vent/wp-content/uploads/2021/08/Capture-decran-le-2021-08-13-a-07.56.31-242x300.png 242w" sizes="auto, (max-width: 424px) 100vw, 424px" /></figure>



<p class="has-medium-font-size">«<strong>Des moulins et des hommes</strong>» a été publié en 2005 par Michel Langlois aux Éditions «La maison des ancêtres»</p>



<hr class="wp-block-separator is-style-wide"/>



<figure class="wp-block-image size-full"><img loading="lazy" decoding="async" width="423" height="551" src="https://patrimoineduquebec.com/vent/wp-content/uploads/2021/08/Capture-decran-le-2021-08-13-a-07.57.57.png" alt="" class="wp-image-235" srcset="https://patrimoineduquebec.com/vent/wp-content/uploads/2021/08/Capture-decran-le-2021-08-13-a-07.57.57.png 423w, https://patrimoineduquebec.com/vent/wp-content/uploads/2021/08/Capture-decran-le-2021-08-13-a-07.57.57-230x300.png 230w" sizes="auto, (max-width: 423px) 100vw, 423px" /></figure>



<p class="has-medium-font-size">«<strong>Histoire Québec</strong>» est une revue dont l’éditeur est «La Fédération des sociétés d’histoires du Québec». Le présent numéro est disponible en ligne&nbsp;<a href="http://www.erudit.org/culture/hq1056841/hq1212438/index.html"><span style="color:#6550ff" class="has-inline-color">e</span></a><a rel="noreferrer noopener" href="http://www.erudit.org/culture/hq1056841/hq1212438/index.html" target="_blank"><span style="color:#6550ff" class="has-inline-color">n cliquant ici</span></a>.</p>

<p>Voici quelques livres qui ont été publiés sur les moulins à vent. Certains sont assez récents et faciles à trouver dans la plupart des librairies. D’autres sont plus anciens et il faudra de la patience pour les repérer. Votre bibliothèque municipale peut être une bonne façon de consulter ces livres gratuitement. «Quand le vent faisait [&hellip;]</p>
