{"id":2617,"date":"2019-04-18T13:05:46","date_gmt":"2019-04-18T13:05:46","guid":{"rendered":"https:\/\/patrimoineduquebec.com\/bouteillesdelait\/?page_id=2617"},"modified":"2021-08-26T13:32:35","modified_gmt":"2021-08-26T13:32:35","slug":"liens","status":"publish","type":"page","link":"https:\/\/patrimoineduquebec.com\/bouteillesdelait\/liens\/","title":{"rendered":"Liens"},"content":{"rendered":"\n<p class=\"has-large-font-size\"><a href=\"https:\/\/laiteriesduquebec.com\" target=\"_blank\" rel=\"noreferrer noopener\">Laiteries du Qu\u00e9bec<\/a><\/p>\n\n\n\n<div style=\"height:20px\" aria-hidden=\"true\" class=\"wp-block-spacer\"><\/div>\n\n\n\n<p class=\"has-large-font-size\"><a href=\"http:\/\/www.patrimoineduquebec.com\/ajouts\/accueil\/\" target=\"_blank\" rel=\"noreferrer noopener\">Les croix de chemin au Qu\u00e9bec<\/a><\/p>\n\n\n\n<div style=\"height:20px\" aria-hidden=\"true\" class=\"wp-block-spacer\"><\/div>\n\n\n\n<p class=\"has-large-font-size\"><a href=\"https:\/\/patrimoineduquebec.com\/GaresduQuebec\/\" target=\"_blank\" rel=\"noreferrer noopener\">Les vieilles gares<\/a><\/p>\n\n\n\n<div style=\"height:20px\" aria-hidden=\"true\" class=\"wp-block-spacer\"><\/div>\n\n\n\n<p class=\"has-large-font-size\"><a href=\"https:\/\/patrimoineduquebec.com\/vent\/\" target=\"_blank\" rel=\"noreferrer noopener\">Les moulins \u00e0 vent du Qu\u00e9bec<\/a><\/p>\n\n\n\n<div style=\"height:20px\" aria-hidden=\"true\" class=\"wp-block-spacer\"><\/div>\n\n\n\n<p class=\"has-large-font-size\"><a href=\"https:\/\/patrimoineduquebec.com\/eglisesduquebec\/\" target=\"_blank\" rel=\"noreferrer noopener\">Les \u00e9glises du Qu\u00e9bec<\/a><\/p>\n\n\n\n<div style=\"height:20px\" aria-hidden=\"true\" class=\"wp-block-spacer\"><\/div>\n\n\n\n<p class=\"has-large-font-size\"><a href=\"http:\/\/pontscouverts.com\/blogue\/accueil\/\" target=\"_blank\" rel=\"noreferrer noopener\">Les ponts couverts du Qu\u00e9bec<\/a><\/p>\n\n\n\n<div style=\"height:50px\" aria-hidden=\"true\" class=\"wp-block-spacer\"><\/div>\n\n\n\n<div style=\"height:20px\" aria-hidden=\"true\" class=\"wp-block-spacer\"><\/div>\n\n\n\n<figure class=\"wp-block-gallery columns-3 is-cropped wp-block-gallery-1 is-layout-flex wp-block-gallery-is-layout-flex\"><ul class=\"blocks-gallery-grid\"><li class=\"blocks-gallery-item\"><figure><img loading=\"lazy\" decoding=\"async\" width=\"359\" height=\"238\" src=\"https:\/\/patrimoineduquebec.com\/bouteillesdelait\/wp-content\/uploads\/2019\/04\/Capture-d\u2019\u00e9cran-le-2019-04-22-\u00e0-08.38.04.png\" alt=\"\" data-id=\"2717\" data-link=\"https:\/\/patrimoineduquebec.com\/bouteillesdelait\/liens\/capture-decran-le-2019-04-22-a-08-38-04\/\" class=\"wp-image-2717\" srcset=\"https:\/\/patrimoineduquebec.com\/bouteillesdelait\/wp-content\/uploads\/2019\/04\/Capture-d\u2019\u00e9cran-le-2019-04-22-\u00e0-08.38.04.png 359w, https:\/\/patrimoineduquebec.com\/bouteillesdelait\/wp-content\/uploads\/2019\/04\/Capture-d\u2019\u00e9cran-le-2019-04-22-\u00e0-08.38.04-300x199.png 300w\" sizes=\"auto, (max-width: 359px) 100vw, 359px\" \/><\/figure><\/li><li class=\"blocks-gallery-item\"><figure><img loading=\"lazy\" decoding=\"async\" width=\"1024\" height=\"768\" src=\"https:\/\/patrimoineduquebec.com\/bouteillesdelait\/wp-content\/uploads\/2019\/04\/croix-de-Saint-Z\u00e9non-1024x768.jpeg\" alt=\"\" data-id=\"2718\" data-link=\"https:\/\/patrimoineduquebec.com\/bouteillesdelait\/liens\/croix-de-saint-zenon\/\" class=\"wp-image-2718\" srcset=\"https:\/\/patrimoineduquebec.com\/bouteillesdelait\/wp-content\/uploads\/2019\/04\/croix-de-Saint-Z\u00e9non-1024x768.jpeg 1024w, https:\/\/patrimoineduquebec.com\/bouteillesdelait\/wp-content\/uploads\/2019\/04\/croix-de-Saint-Z\u00e9non-300x225.jpeg 300w, https:\/\/patrimoineduquebec.com\/bouteillesdelait\/wp-content\/uploads\/2019\/04\/croix-de-Saint-Z\u00e9non-768x576.jpeg 768w\" sizes=\"auto, (max-width: 1024px) 100vw, 1024px\" \/><\/figure><\/li><li class=\"blocks-gallery-item\"><figure><img loading=\"lazy\" decoding=\"async\" width=\"1024\" height=\"683\" src=\"https:\/\/patrimoineduquebec.com\/bouteillesdelait\/wp-content\/uploads\/2019\/04\/IMG_0351-1024x683.jpeg\" alt=\"\" data-id=\"2719\" data-link=\"https:\/\/patrimoineduquebec.com\/bouteillesdelait\/liens\/img_0351\/\" class=\"wp-image-2719\" srcset=\"https:\/\/patrimoineduquebec.com\/bouteillesdelait\/wp-content\/uploads\/2019\/04\/IMG_0351-1024x683.jpeg 1024w, https:\/\/patrimoineduquebec.com\/bouteillesdelait\/wp-content\/uploads\/2019\/04\/IMG_0351-300x200.jpeg 300w, https:\/\/patrimoineduquebec.com\/bouteillesdelait\/wp-content\/uploads\/2019\/04\/IMG_0351-768x512.jpeg 768w\" sizes=\"auto, (max-width: 1024px) 100vw, 1024px\" \/><\/figure><\/li><li class=\"blocks-gallery-item\"><figure><img loading=\"lazy\" decoding=\"async\" width=\"1024\" height=\"768\" src=\"https:\/\/patrimoineduquebec.com\/bouteillesdelait\/wp-content\/uploads\/2019\/04\/Lasalle-6-1024x768.jpg\" alt=\"\" data-id=\"2720\" data-link=\"https:\/\/patrimoineduquebec.com\/bouteillesdelait\/liens\/lasalle-6\/\" class=\"wp-image-2720\" srcset=\"https:\/\/patrimoineduquebec.com\/bouteillesdelait\/wp-content\/uploads\/2019\/04\/Lasalle-6-1024x768.jpg 1024w, https:\/\/patrimoineduquebec.com\/bouteillesdelait\/wp-content\/uploads\/2019\/04\/Lasalle-6-300x225.jpg 300w, https:\/\/patrimoineduquebec.com\/bouteillesdelait\/wp-content\/uploads\/2019\/04\/Lasalle-6-768x576.jpg 768w\" sizes=\"auto, (max-width: 1024px) 100vw, 1024px\" \/><\/figure><\/li><li class=\"blocks-gallery-item\"><figure><img loading=\"lazy\" decoding=\"async\" width=\"1024\" height=\"768\" src=\"https:\/\/patrimoineduquebec.com\/bouteillesdelait\/wp-content\/uploads\/2019\/04\/St-Jean-Port-Joli-1-1024x768.jpeg\" alt=\"\" data-id=\"2721\" data-link=\"https:\/\/patrimoineduquebec.com\/bouteillesdelait\/liens\/st-jean-port-joli-1\/\" class=\"wp-image-2721\" srcset=\"https:\/\/patrimoineduquebec.com\/bouteillesdelait\/wp-content\/uploads\/2019\/04\/St-Jean-Port-Joli-1-1024x768.jpeg 1024w, https:\/\/patrimoineduquebec.com\/bouteillesdelait\/wp-content\/uploads\/2019\/04\/St-Jean-Port-Joli-1-300x225.jpeg 300w, https:\/\/patrimoineduquebec.com\/bouteillesdelait\/wp-content\/uploads\/2019\/04\/St-Jean-Port-Joli-1-768x576.jpeg 768w\" sizes=\"auto, (max-width: 1024px) 100vw, 1024px\" \/><figcaption class=\"blocks-gallery-item__caption\"><br><\/figcaption><\/figure><\/li><li class=\"blocks-gallery-item\"><figure><img loading=\"lazy\" decoding=\"async\" width=\"1024\" height=\"768\" src=\"https:\/\/patrimoineduquebec.com\/bouteillesdelait\/wp-content\/uploads\/2019\/04\/J.C-13-1024x768.jpeg\" alt=\"\" data-id=\"2722\" data-link=\"https:\/\/patrimoineduquebec.com\/bouteillesdelait\/liens\/j-c-13\/\" class=\"wp-image-2722\" srcset=\"https:\/\/patrimoineduquebec.com\/bouteillesdelait\/wp-content\/uploads\/2019\/04\/J.C-13-1024x768.jpeg 1024w, https:\/\/patrimoineduquebec.com\/bouteillesdelait\/wp-content\/uploads\/2019\/04\/J.C-13-300x225.jpeg 300w, https:\/\/patrimoineduquebec.com\/bouteillesdelait\/wp-content\/uploads\/2019\/04\/J.C-13-768x576.jpeg 768w\" sizes=\"auto, (max-width: 1024px) 100vw, 1024px\" \/><\/figure><\/li><\/ul><\/figure>\n","protected":false},"excerpt":{"rendered":"<p>Laiteries du Qu\u00e9bec Les croix de chemin au Qu\u00e9bec Les vieilles gares Les moulins \u00e0 vent du Qu\u00e9bec Les \u00e9glises du Qu\u00e9bec Les&#8230;<\/p>\n","protected":false},"author":1,"featured_media":0,"parent":0,"menu_order":0,"comment_status":"closed","ping_status":"closed","template":"","meta":{"footnotes":""},"class_list":["post-2617","page","type-page","status-publish","hentry"],"_links":{"self":[{"href":"https:\/\/patrimoineduquebec.com\/bouteillesdelait\/wp-json\/wp\/v2\/pages\/2617","targetHints":{"allow":["GET"]}}],"collection":[{"href":"https:\/\/patrimoineduquebec.com\/bouteillesdelait\/wp-json\/wp\/v2\/pages"}],"about":[{"href":"https:\/\/patrimoineduquebec.com\/bouteillesdelait\/wp-json\/wp\/v2\/types\/page"}],"author":[{"embeddable":true,"href":"https:\/\/patrimoineduquebec.com\/bouteillesdelait\/wp-json\/wp\/v2\/users\/1"}],"replies":[{"embeddable":true,"href":"https:\/\/patrimoineduquebec.com\/bouteillesdelait\/wp-json\/wp\/v2\/comments?post=2617"}],"version-history":[{"count":10,"href":"https:\/\/patrimoineduquebec.com\/bouteillesdelait\/wp-json\/wp\/v2\/pages\/2617\/revisions"}],"predecessor-version":[{"id":3585,"href":"https:\/\/patrimoineduquebec.com\/bouteillesdelait\/wp-json\/wp\/v2\/pages\/2617\/revisions\/3585"}],"wp:attachment":[{"href":"https:\/\/patrimoineduquebec.com\/bouteillesdelait\/wp-json\/wp\/v2\/media?parent=2617"}],"curies":[{"name":"wp","href":"https:\/\/api.w.org\/{rel}","templated":true}]}}