{"id":820,"date":"2019-09-29T16:00:42","date_gmt":"2019-09-29T16:00:42","guid":{"rendered":"https:\/\/patrimoineduquebec.com\/GaresduQuebec\/?page_id=820"},"modified":"2019-10-17T13:44:58","modified_gmt":"2019-10-17T13:44:58","slug":"clova","status":"publish","type":"page","link":"https:\/\/patrimoineduquebec.com\/GaresduQuebec\/clova\/","title":{"rendered":"Clova"},"content":{"rendered":"\n<figure class=\"wp-block-image\"><a href=\"https:\/\/patrimoineduquebec.com\/GaresduQuebec\/wp-content\/uploads\/2019\/09\/clova-G\u00e9rald-Arbour-N26.jpeg\"><img loading=\"lazy\" decoding=\"async\" width=\"1024\" height=\"768\" src=\"https:\/\/patrimoineduquebec.com\/GaresduQuebec\/wp-content\/uploads\/2019\/09\/clova-G\u00e9rald-Arbour-N26-1024x768.jpeg\" alt=\"\" class=\"wp-image-829\" srcset=\"https:\/\/patrimoineduquebec.com\/GaresduQuebec\/wp-content\/uploads\/2019\/09\/clova-G\u00e9rald-Arbour-N26-1024x768.jpeg 1024w, https:\/\/patrimoineduquebec.com\/GaresduQuebec\/wp-content\/uploads\/2019\/09\/clova-G\u00e9rald-Arbour-N26-300x225.jpeg 300w, https:\/\/patrimoineduquebec.com\/GaresduQuebec\/wp-content\/uploads\/2019\/09\/clova-G\u00e9rald-Arbour-N26-768x576.jpeg 768w\" sizes=\"auto, (max-width: 1024px) 100vw, 1024px\" \/><\/a><\/figure>\n\n\n\n<p><strong>Histoire<\/strong><br><\/p>\n\n\n\n<p>La gare de Clova est une gare ferrovi\u00e8re situ\u00e9e dans le hameau de Clova sur le territoire de la ville de La Tuque.<br><\/p>\n\n\n\n<p>La gare de Clova a \u00e9t\u00e9 construite entre 1915 et 1920 par le&nbsp;<a href=\"https:\/\/fr.wikipedia.org\/wiki\/National_Transcontinental_Railway\">National Transcontinental Railway<\/a>. Elle a \u00e9t\u00e9 construite selon le plan standard de type F du&nbsp;<a href=\"https:\/\/fr.wikipedia.org\/wiki\/Grand_Tronc\">Grand Tronc<\/a>. Peu apr\u00e8s la construction de la gare, la&nbsp;<a href=\"https:\/\/fr.wikipedia.org\/w\/index.php?title=Canadian_International_Paper_Company&amp;action=edit&amp;redlink=1\">Canadian International Paper Company<\/a>&nbsp;a install\u00e9 un poste d&rsquo;exploitation foresti\u00e8re \u00e0 Clova. La salle d\u2019attente est agrandie dans les m\u00eames moments.<br><\/p>\n\n\n\n<p>La gare a \u00e9t\u00e9 d\u00e9sign\u00e9e&nbsp;<a href=\"https:\/\/fr.wikipedia.org\/wiki\/Gares_ferroviaires_patrimoniales_du_Canada\">gare ferroviaire patrimoniale<\/a>&nbsp;le 24 novembre 1995.<br><\/p>\n\n\n\n<p class=\"has-text-color has-vivid-cyan-blue-color\"><a href=\"https:\/\/fr.wikipedia.org\/wiki\/Gare_de_Clova\">Source : Wikip\u00e9dia<\/a><br><\/p>\n\n\n\n<p><strong>DESCRIPTION DU LIEU PATRIMONIAL<\/strong><br><\/p>\n\n\n\n<p>La gare du Canadien National\/VIA Rail de Clova est une gare d&rsquo;un \u00e9tage et demi, construite de 1915 \u00e0 1920. Elle est situ\u00e9e dans la petite localit\u00e9 de Clova, sur la rive du lac Duchamp, dans le nord du Qu\u00e9bec. La reconnaissance officielle se limite au b\u00e2timent de la gare \u00e0 proprement dit.<br><\/p>\n\n\n\n<p><strong>VALEUR PATRIMONIALE<\/strong><br><\/p>\n\n\n\n<p>La gare du Canadien National\/VIA Rail (CN&amp;V) de Clova est repr\u00e9sentative de la construction de la ligne principale ouest de la Compagnie du Chemin de fer National Transcontinental (CNT) dans le nord du Qu\u00e9bec, et de la cr\u00e9ation de la communaut\u00e9 de Clova. Peu apr\u00e8s l&rsquo;ach\u00e8vement de la gare, la Compagnie internationale de papier du Canada (CIP) a install\u00e9 un poste d&rsquo;exploitation foresti\u00e8re \u00e0 Clova, si bien qu&rsquo;une ville li\u00e9e \u00e0 la compagnie s&rsquo;est b\u00e2tie autour de la gare. On a agrandi la salle d&rsquo;attente pour accueillir les b\u00fbcherons qui allaient dans les camps et en revenaient.<br><\/p>\n\n\n\n<p>La gare de Clova est un des rares exemples pr\u00e9serv\u00e9s du plan standard de type F, \u00e9labor\u00e9 par le Grand Trunk Railway pour la ligne principale ouest du CNT. Le prolongement de la salle d&rsquo;attente ouest ne cadre pas avec la conception originale de la gare, mais il illustre les am\u00e9liorations apport\u00e9es \u00e0 l&rsquo;\u00e9difice pour qu&rsquo;il r\u00e9ponde \u00e0 l&rsquo;augmentation du nombre de passagers. Depuis sa construction, la gare a \u00e9t\u00e9 tr\u00e8s peu modifi\u00e9e.<br><\/p>\n\n\n\n<p>M\u00eame si les installations de la CIP ont ferm\u00e9 en 1965, la gare continue d&rsquo;\u00eatre un p\u00f4le d&rsquo;attraction et un lieu de rassemblement pour la communaut\u00e9, et elle constitue toujours un lien important avec d&rsquo;autres localit\u00e9s. La gare a conserv\u00e9 ses liens avec les voies ferr\u00e9es adjacentes.<br><\/p>\n\n\n\n<p>Source : \u00c9nonc\u00e9 de valeur patrimoniale, Gare du Canadien National, Clova, Qu\u00e9bec, f\u00e9vrier 1996: Christiane Lefebvre, Rapport 274 de gare ferroviaire, Gare du Canadien National\/VIA Rail, Clova, Qu\u00e9bec.<br><\/p>\n\n\n\n<p><strong>\u00c9L\u00c9MENTS CARACT\u00c9RISTIQUES<\/strong><br><\/p>\n\n\n\n<p>Parmi les \u00e9l\u00e9ments caract\u00e9ristiques de la gare du Canadien National\/VIA Rail de Clova, notons :<br>&#8211; la forme et la masse simples et \u00e9l\u00e9gantes de la gare initiale, compos\u00e9es d&rsquo;un bloc d&rsquo;un \u00e9tage et demi avec un poste de l&rsquo;op\u00e9rateur en saillie, recouvert d&rsquo;un toit en croupe \u00e0 forte pente avec un large avant-toit en surplomb, et orn\u00e9 de lucarnes \u00e0 toit en croupe affleurant les murs des deux c\u00f4t\u00e9s, la baie en saillie \u00e9tant sur la troisi\u00e8me face<br>&#8211; le prolongement de la salle d&rsquo;attente c\u00f4t\u00e9 ouest, compos\u00e9 d&rsquo;un bloc rectangulaire de plain-pied surmont\u00e9 d&rsquo;un toit en croupe \u00e0 pente douce<br>&#8211; ses caract\u00e9ristiques typiques des gares du d\u00e9but du XXe si\u00e8cle, y compris un plan rectangulaire, un toit en croupe, un large avant-toit en surplomb soutenu par des consoles de bois, et un poste de l&rsquo;op\u00e9rateur en saillie c\u00f4t\u00e9 voie<br>&#8211; le large avant-toit en surplomb formant un auvent en plate-forme de tous les c\u00f4t\u00e9s de l&rsquo;\u00e9difice, les sous-faces aux chevrons expos\u00e9s, et les grandes consoles de bois \u00e9lanc\u00e9es qui soutiennent l&rsquo;avant-toit<br>&#8211; ses ornements ext\u00e9rieurs, et notamment le bardage \u00e0 clins jusqu&rsquo;au niveau de l&rsquo;avant-toit, le parement en bardeaux des lucarnes, le cordon en bois non trait\u00e9 au niveau du linteau, les planches verticales non trait\u00e9es dans les angles, et les moulures des portes et fen\u00eatres en bois non trait\u00e9<br>&#8211; la porte de chargement d&rsquo;origine en bois avec son imposte<br>&#8211; le plan int\u00e9rieur du rez-de-chauss\u00e9e, compos\u00e9 d&rsquo;une grande salle d&rsquo;attente, d&rsquo;un petit bureau du chef de gare, d&rsquo;une cuisine, et d&rsquo;une petite pi\u00e8ce donnant sur la salle d&rsquo;entreposage des marchandises dans la partie Est de la gare<br>&#8211; le plan int\u00e9rieur du deuxi\u00e8me \u00e9tage, compos\u00e9 d&rsquo;un hall, d&rsquo;un petit salon, de deux chambres et de toilettes.<\/p>\n\n\n\n<p class=\"has-text-color has-vivid-cyan-blue-color\">Sourc<a rel=\"noreferrer noopener\" aria-label=\"e : Lieux patrimoniaux du Canada (s\u2019ouvre dans un nouvel onglet)\" href=\"https:\/\/www.historicplaces.ca\/fr\/rep-reg\/place-lieu.aspx?id=4580&amp;pid=0\" target=\"_blank\">e : Lieux patrimoniaux du Canada<\/a><\/p>\n\n\n\n<p>Photos : G\u00e9rald Arbour<\/p>\n\n\n\n<ul class=\"wp-block-gallery columns-3 is-cropped wp-block-gallery-1 is-layout-flex wp-block-gallery-is-layout-flex\"><li class=\"blocks-gallery-item\"><figure><a href=\"https:\/\/patrimoineduquebec.com\/GaresduQuebec\/wp-content\/uploads\/2019\/09\/clova-G\u00e9rald-Arbour-N25-1024x768.jpeg\"><img loading=\"lazy\" decoding=\"async\" width=\"1024\" height=\"768\" src=\"https:\/\/patrimoineduquebec.com\/GaresduQuebec\/wp-content\/uploads\/2019\/09\/clova-G\u00e9rald-Arbour-N25-1024x768.jpeg\" alt=\"\" data-id=\"821\" data-link=\"https:\/\/patrimoineduquebec.com\/GaresduQuebec\/clova\/clova-gerald-arbour-n25\/\" class=\"wp-image-821\" srcset=\"https:\/\/patrimoineduquebec.com\/GaresduQuebec\/wp-content\/uploads\/2019\/09\/clova-G\u00e9rald-Arbour-N25-1024x768.jpeg 1024w, https:\/\/patrimoineduquebec.com\/GaresduQuebec\/wp-content\/uploads\/2019\/09\/clova-G\u00e9rald-Arbour-N25-300x225.jpeg 300w, https:\/\/patrimoineduquebec.com\/GaresduQuebec\/wp-content\/uploads\/2019\/09\/clova-G\u00e9rald-Arbour-N25-768x576.jpeg 768w\" sizes=\"auto, (max-width: 1024px) 100vw, 1024px\" \/><\/a><\/figure><\/li><li class=\"blocks-gallery-item\"><figure><a href=\"https:\/\/patrimoineduquebec.com\/GaresduQuebec\/wp-content\/uploads\/2019\/09\/clova-G\u00e9rald-Arbour-N4-1024x768.jpeg\"><img loading=\"lazy\" decoding=\"async\" width=\"1024\" height=\"768\" src=\"https:\/\/patrimoineduquebec.com\/GaresduQuebec\/wp-content\/uploads\/2019\/09\/clova-G\u00e9rald-Arbour-N4-1024x768.jpeg\" alt=\"\" data-id=\"822\" data-link=\"https:\/\/patrimoineduquebec.com\/GaresduQuebec\/clova\/clova-gerald-arbour-n4\/\" class=\"wp-image-822\" srcset=\"https:\/\/patrimoineduquebec.com\/GaresduQuebec\/wp-content\/uploads\/2019\/09\/clova-G\u00e9rald-Arbour-N4-1024x768.jpeg 1024w, https:\/\/patrimoineduquebec.com\/GaresduQuebec\/wp-content\/uploads\/2019\/09\/clova-G\u00e9rald-Arbour-N4-300x225.jpeg 300w, https:\/\/patrimoineduquebec.com\/GaresduQuebec\/wp-content\/uploads\/2019\/09\/clova-G\u00e9rald-Arbour-N4-768x576.jpeg 768w\" sizes=\"auto, (max-width: 1024px) 100vw, 1024px\" \/><\/a><\/figure><\/li><li class=\"blocks-gallery-item\"><figure><a href=\"https:\/\/patrimoineduquebec.com\/GaresduQuebec\/wp-content\/uploads\/2019\/09\/clova-G\u00e9rald-Arbour-N5-1024x768.jpeg\"><img loading=\"lazy\" decoding=\"async\" width=\"1024\" height=\"768\" src=\"https:\/\/patrimoineduquebec.com\/GaresduQuebec\/wp-content\/uploads\/2019\/09\/clova-G\u00e9rald-Arbour-N5-1024x768.jpeg\" alt=\"\" data-id=\"823\" data-link=\"https:\/\/patrimoineduquebec.com\/GaresduQuebec\/clova\/clova-gerald-arbour-n5\/\" class=\"wp-image-823\" srcset=\"https:\/\/patrimoineduquebec.com\/GaresduQuebec\/wp-content\/uploads\/2019\/09\/clova-G\u00e9rald-Arbour-N5-1024x768.jpeg 1024w, https:\/\/patrimoineduquebec.com\/GaresduQuebec\/wp-content\/uploads\/2019\/09\/clova-G\u00e9rald-Arbour-N5-300x225.jpeg 300w, https:\/\/patrimoineduquebec.com\/GaresduQuebec\/wp-content\/uploads\/2019\/09\/clova-G\u00e9rald-Arbour-N5-768x576.jpeg 768w\" sizes=\"auto, (max-width: 1024px) 100vw, 1024px\" \/><\/a><\/figure><\/li><li class=\"blocks-gallery-item\"><figure><a href=\"https:\/\/patrimoineduquebec.com\/GaresduQuebec\/wp-content\/uploads\/2019\/09\/clova-G\u00e9rald-Arbour-N1-1024x768.jpeg\"><img loading=\"lazy\" decoding=\"async\" width=\"1024\" height=\"768\" src=\"https:\/\/patrimoineduquebec.com\/GaresduQuebec\/wp-content\/uploads\/2019\/09\/clova-G\u00e9rald-Arbour-N1-1024x768.jpeg\" alt=\"\" data-id=\"824\" data-link=\"https:\/\/patrimoineduquebec.com\/GaresduQuebec\/clova\/clova-gerald-arbour-n1\/\" class=\"wp-image-824\" srcset=\"https:\/\/patrimoineduquebec.com\/GaresduQuebec\/wp-content\/uploads\/2019\/09\/clova-G\u00e9rald-Arbour-N1-1024x768.jpeg 1024w, https:\/\/patrimoineduquebec.com\/GaresduQuebec\/wp-content\/uploads\/2019\/09\/clova-G\u00e9rald-Arbour-N1-300x225.jpeg 300w, https:\/\/patrimoineduquebec.com\/GaresduQuebec\/wp-content\/uploads\/2019\/09\/clova-G\u00e9rald-Arbour-N1-768x576.jpeg 768w\" sizes=\"auto, (max-width: 1024px) 100vw, 1024px\" \/><\/a><\/figure><\/li><li class=\"blocks-gallery-item\"><figure><a href=\"https:\/\/patrimoineduquebec.com\/GaresduQuebec\/wp-content\/uploads\/2019\/09\/clova-G\u00e9rald-Arbour-N13-1024x768.jpeg\"><img loading=\"lazy\" decoding=\"async\" width=\"1024\" height=\"768\" src=\"https:\/\/patrimoineduquebec.com\/GaresduQuebec\/wp-content\/uploads\/2019\/09\/clova-G\u00e9rald-Arbour-N13-1024x768.jpeg\" alt=\"\" data-id=\"826\" data-link=\"https:\/\/patrimoineduquebec.com\/GaresduQuebec\/clova\/clova-gerald-arbour-n13\/\" class=\"wp-image-826\" srcset=\"https:\/\/patrimoineduquebec.com\/GaresduQuebec\/wp-content\/uploads\/2019\/09\/clova-G\u00e9rald-Arbour-N13-1024x768.jpeg 1024w, https:\/\/patrimoineduquebec.com\/GaresduQuebec\/wp-content\/uploads\/2019\/09\/clova-G\u00e9rald-Arbour-N13-300x225.jpeg 300w, https:\/\/patrimoineduquebec.com\/GaresduQuebec\/wp-content\/uploads\/2019\/09\/clova-G\u00e9rald-Arbour-N13-768x576.jpeg 768w\" sizes=\"auto, (max-width: 1024px) 100vw, 1024px\" \/><\/a><\/figure><\/li><li class=\"blocks-gallery-item\"><figure><a href=\"https:\/\/patrimoineduquebec.com\/GaresduQuebec\/wp-content\/uploads\/2019\/10\/A-gare-de-clova-canada-rail.jpeg\"><img loading=\"lazy\" decoding=\"async\" width=\"496\" height=\"317\" src=\"https:\/\/patrimoineduquebec.com\/GaresduQuebec\/wp-content\/uploads\/2019\/10\/A-gare-de-clova-canada-rail.jpeg\" alt=\"\" data-id=\"1789\" data-link=\"https:\/\/patrimoineduquebec.com\/GaresduQuebec\/clova\/a-gare-de-clova-canada-rail\/\" class=\"wp-image-1789\" srcset=\"https:\/\/patrimoineduquebec.com\/GaresduQuebec\/wp-content\/uploads\/2019\/10\/A-gare-de-clova-canada-rail.jpeg 496w, https:\/\/patrimoineduquebec.com\/GaresduQuebec\/wp-content\/uploads\/2019\/10\/A-gare-de-clova-canada-rail-300x192.jpeg 300w\" sizes=\"auto, (max-width: 496px) 100vw, 496px\" \/><\/a><\/figure><\/li><\/ul>\n","protected":false},"excerpt":{"rendered":"<p>Histoire La gare de Clova est une gare ferrovi\u00e8re situ\u00e9e dans le hameau de Clova sur le territoire de la ville de La Tuque. La gare de Clova a \u00e9t\u00e9 construite entre 1915 et 1920 par le&nbsp;National Transcontinental Railway. Elle a \u00e9t\u00e9 construite selon le plan standard de type F du&nbsp;Grand Tronc. Peu apr\u00e8s la [&hellip;]<\/p>\n","protected":false},"author":1,"featured_media":0,"parent":0,"menu_order":0,"comment_status":"closed","ping_status":"closed","template":"","meta":{"footnotes":""},"class_list":["post-820","page","type-page","status-publish","hentry"],"_links":{"self":[{"href":"https:\/\/patrimoineduquebec.com\/GaresduQuebec\/wp-json\/wp\/v2\/pages\/820","targetHints":{"allow":["GET"]}}],"collection":[{"href":"https:\/\/patrimoineduquebec.com\/GaresduQuebec\/wp-json\/wp\/v2\/pages"}],"about":[{"href":"https:\/\/patrimoineduquebec.com\/GaresduQuebec\/wp-json\/wp\/v2\/types\/page"}],"author":[{"embeddable":true,"href":"https:\/\/patrimoineduquebec.com\/GaresduQuebec\/wp-json\/wp\/v2\/users\/1"}],"replies":[{"embeddable":true,"href":"https:\/\/patrimoineduquebec.com\/GaresduQuebec\/wp-json\/wp\/v2\/comments?post=820"}],"version-history":[{"count":6,"href":"https:\/\/patrimoineduquebec.com\/GaresduQuebec\/wp-json\/wp\/v2\/pages\/820\/revisions"}],"predecessor-version":[{"id":1791,"href":"https:\/\/patrimoineduquebec.com\/GaresduQuebec\/wp-json\/wp\/v2\/pages\/820\/revisions\/1791"}],"wp:attachment":[{"href":"https:\/\/patrimoineduquebec.com\/GaresduQuebec\/wp-json\/wp\/v2\/media?parent=820"}],"curies":[{"name":"wp","href":"https:\/\/api.w.org\/{rel}","templated":true}]}}