{"id":23,"date":"2019-09-23T17:32:13","date_gmt":"2019-09-23T17:32:13","guid":{"rendered":"https:\/\/patrimoineduquebec.com\/GaresduQuebec\/?page_id=23"},"modified":"2021-08-26T13:31:22","modified_gmt":"2021-08-26T13:31:22","slug":"patrimoine-quebecois","status":"publish","type":"page","link":"https:\/\/patrimoineduquebec.com\/GaresduQuebec\/patrimoine-quebecois\/","title":{"rendered":"Patrimoine Qu\u00e9b\u00e9cois"},"content":{"rendered":"\n<p class=\"has-vivid-cyan-blue-color has-text-color has-medium-font-size\"><a href=\"http:\/\/www.patrimoineduquebec.com\/ajouts\/accueil\/\" target=\"_blank\" rel=\"noreferrer noopener\" aria-label=\"Les croix de chemin au Qu\u00e9bec (s\u2019ouvre dans un nouvel onglet)\">Les croix de chemin au Qu\u00e9bec<\/a><\/p>\n\n\n\n<p class=\"has-vivid-cyan-blue-color has-text-color has-medium-font-size\"><a href=\"http:\/\/pontscouverts.com\/blogue\/accueil\/\" target=\"_blank\" rel=\"noreferrer noopener\" aria-label=\"Les ponts couverts au Qu\u00e9bec (s\u2019ouvre dans un nouvel onglet)\">Les ponts couverts au Qu\u00e9bec<\/a><\/p>\n\n\n\n<p class=\"has-vivid-cyan-blue-color has-text-color has-medium-font-size\"><a href=\"https:\/\/patrimoineduquebec.com\/vent\/\" target=\"_blank\" rel=\"noreferrer noopener\">Les moulins \u00e0 vent du Qu\u00e9bec<\/a><\/p>\n\n\n\n<p class=\"has-vivid-cyan-blue-color has-text-color has-medium-font-size\"><a rel=\"noreferrer noopener\" aria-label=\"Les \u00e9glises du Qu\u00e9bec (s\u2019ouvre dans un nouvel onglet)\" href=\"https:\/\/patrimoineduquebec.com\/eglisesduquebec\/\" target=\"_blank\">Les \u00e9glises du Qu\u00e9bec<\/a><\/p>\n\n\n\n<figure class=\"wp-block-gallery columns-4 is-cropped wp-block-gallery-1 is-layout-flex wp-block-gallery-is-layout-flex\"><ul class=\"blocks-gallery-grid\"><li class=\"blocks-gallery-item\"><figure><img loading=\"lazy\" decoding=\"async\" width=\"1024\" height=\"768\" src=\"https:\/\/patrimoineduquebec.com\/GaresduQuebec\/wp-content\/uploads\/2019\/10\/IMG_0813-1024x768.jpg\" alt=\"\" data-id=\"1199\" data-link=\"https:\/\/patrimoineduquebec.com\/GaresduQuebec\/patrimoine-quebecois\/img_0813\/\" class=\"wp-image-1199\" srcset=\"https:\/\/patrimoineduquebec.com\/GaresduQuebec\/wp-content\/uploads\/2019\/10\/IMG_0813-1024x768.jpg 1024w, https:\/\/patrimoineduquebec.com\/GaresduQuebec\/wp-content\/uploads\/2019\/10\/IMG_0813-300x225.jpg 300w, https:\/\/patrimoineduquebec.com\/GaresduQuebec\/wp-content\/uploads\/2019\/10\/IMG_0813-768x576.jpg 768w\" sizes=\"auto, (max-width: 1024px) 100vw, 1024px\" \/><\/figure><\/li><li class=\"blocks-gallery-item\"><figure><img loading=\"lazy\" decoding=\"async\" width=\"1024\" height=\"768\" src=\"https:\/\/patrimoineduquebec.com\/GaresduQuebec\/wp-content\/uploads\/2019\/10\/PB240210-1024x768.jpg\" alt=\"\" data-id=\"1200\" data-link=\"https:\/\/patrimoineduquebec.com\/GaresduQuebec\/patrimoine-quebecois\/olympus-digital-camera-111\/\" class=\"wp-image-1200\" srcset=\"https:\/\/patrimoineduquebec.com\/GaresduQuebec\/wp-content\/uploads\/2019\/10\/PB240210-1024x768.jpg 1024w, https:\/\/patrimoineduquebec.com\/GaresduQuebec\/wp-content\/uploads\/2019\/10\/PB240210-300x225.jpg 300w, https:\/\/patrimoineduquebec.com\/GaresduQuebec\/wp-content\/uploads\/2019\/10\/PB240210-768x576.jpg 768w\" sizes=\"auto, (max-width: 1024px) 100vw, 1024px\" \/><\/figure><\/li><li class=\"blocks-gallery-item\"><figure><img loading=\"lazy\" decoding=\"async\" width=\"1024\" height=\"760\" src=\"https:\/\/patrimoineduquebec.com\/GaresduQuebec\/wp-content\/uploads\/2019\/10\/Contrecoeur-1-1024x760.jpg\" alt=\"\" data-id=\"1201\" data-link=\"https:\/\/patrimoineduquebec.com\/GaresduQuebec\/patrimoine-quebecois\/contrecoeur-1\/\" class=\"wp-image-1201\" srcset=\"https:\/\/patrimoineduquebec.com\/GaresduQuebec\/wp-content\/uploads\/2019\/10\/Contrecoeur-1-1024x760.jpg 1024w, https:\/\/patrimoineduquebec.com\/GaresduQuebec\/wp-content\/uploads\/2019\/10\/Contrecoeur-1-300x223.jpg 300w, https:\/\/patrimoineduquebec.com\/GaresduQuebec\/wp-content\/uploads\/2019\/10\/Contrecoeur-1-768x570.jpg 768w\" sizes=\"auto, (max-width: 1024px) 100vw, 1024px\" \/><\/figure><\/li><li class=\"blocks-gallery-item\"><figure><img loading=\"lazy\" decoding=\"async\" width=\"1024\" height=\"683\" src=\"https:\/\/patrimoineduquebec.com\/GaresduQuebec\/wp-content\/uploads\/2019\/10\/St-Jean-Port-Joli-2-1024x683.jpeg\" alt=\"\" data-id=\"1202\" data-link=\"https:\/\/patrimoineduquebec.com\/GaresduQuebec\/patrimoine-quebecois\/olympus-digital-camera-112\/\" class=\"wp-image-1202\" srcset=\"https:\/\/patrimoineduquebec.com\/GaresduQuebec\/wp-content\/uploads\/2019\/10\/St-Jean-Port-Joli-2-1024x683.jpeg 1024w, https:\/\/patrimoineduquebec.com\/GaresduQuebec\/wp-content\/uploads\/2019\/10\/St-Jean-Port-Joli-2-300x200.jpeg 300w, https:\/\/patrimoineduquebec.com\/GaresduQuebec\/wp-content\/uploads\/2019\/10\/St-Jean-Port-Joli-2-768x512.jpeg 768w\" sizes=\"auto, (max-width: 1024px) 100vw, 1024px\" \/><\/figure><\/li><\/ul><\/figure>\n","protected":false},"excerpt":{"rendered":"<p>Les croix de chemin au Qu\u00e9bec Les ponts couverts au Qu\u00e9bec Les moulins \u00e0 vent du Qu\u00e9bec Les \u00e9glises du Qu\u00e9bec<\/p>\n","protected":false},"author":1,"featured_media":0,"parent":0,"menu_order":0,"comment_status":"closed","ping_status":"closed","template":"","meta":{"footnotes":""},"class_list":["post-23","page","type-page","status-publish","hentry"],"_links":{"self":[{"href":"https:\/\/patrimoineduquebec.com\/GaresduQuebec\/wp-json\/wp\/v2\/pages\/23","targetHints":{"allow":["GET"]}}],"collection":[{"href":"https:\/\/patrimoineduquebec.com\/GaresduQuebec\/wp-json\/wp\/v2\/pages"}],"about":[{"href":"https:\/\/patrimoineduquebec.com\/GaresduQuebec\/wp-json\/wp\/v2\/types\/page"}],"author":[{"embeddable":true,"href":"https:\/\/patrimoineduquebec.com\/GaresduQuebec\/wp-json\/wp\/v2\/users\/1"}],"replies":[{"embeddable":true,"href":"https:\/\/patrimoineduquebec.com\/GaresduQuebec\/wp-json\/wp\/v2\/comments?post=23"}],"version-history":[{"count":9,"href":"https:\/\/patrimoineduquebec.com\/GaresduQuebec\/wp-json\/wp\/v2\/pages\/23\/revisions"}],"predecessor-version":[{"id":2032,"href":"https:\/\/patrimoineduquebec.com\/GaresduQuebec\/wp-json\/wp\/v2\/pages\/23\/revisions\/2032"}],"wp:attachment":[{"href":"https:\/\/patrimoineduquebec.com\/GaresduQuebec\/wp-json\/wp\/v2\/media?parent=23"}],"curies":[{"name":"wp","href":"https:\/\/api.w.org\/{rel}","templated":true}]}}

Patrimoine Québécois

<p class="has-vivid-cyan-blue-color has-text-color has-medium-font-size"><a href="http://www.patrimoineduquebec.com/ajouts/accueil/" target="_blank" rel="noreferrer noopener" aria-label="Les croix de chemin au Québec (s’ouvre dans un nouvel onglet)">Les croix de chemin au Québec</a></p>



<p class="has-vivid-cyan-blue-color has-text-color has-medium-font-size"><a href="http://pontscouverts.com/blogue/accueil/" target="_blank" rel="noreferrer noopener" aria-label="Les ponts couverts au Québec (s’ouvre dans un nouvel onglet)">Les ponts couverts au Québec</a></p>



<p class="has-vivid-cyan-blue-color has-text-color has-medium-font-size"><a href="https://patrimoineduquebec.com/vent/" target="_blank" rel="noreferrer noopener">Les moulins à vent du Québec</a></p>



<p class="has-vivid-cyan-blue-color has-text-color has-medium-font-size"><a rel="noreferrer noopener" aria-label="Les églises du Québec (s’ouvre dans un nouvel onglet)" href="https://patrimoineduquebec.com/eglisesduquebec/" target="_blank">Les églises du Québec</a></p>



<figure class="wp-block-gallery columns-4 is-cropped wp-block-gallery-1 is-layout-flex wp-block-gallery-is-layout-flex"><ul class="blocks-gallery-grid"><li class="blocks-gallery-item"><figure><img loading="lazy" decoding="async" width="1024" height="768" src="https://patrimoineduquebec.com/GaresduQuebec/wp-content/uploads/2019/10/IMG_0813-1024x768.jpg" alt="" data-id="1199" data-link="https://patrimoineduquebec.com/GaresduQuebec/patrimoine-quebecois/img_0813/" class="wp-image-1199" srcset="https://patrimoineduquebec.com/GaresduQuebec/wp-content/uploads/2019/10/IMG_0813-1024x768.jpg 1024w, https://patrimoineduquebec.com/GaresduQuebec/wp-content/uploads/2019/10/IMG_0813-300x225.jpg 300w, https://patrimoineduquebec.com/GaresduQuebec/wp-content/uploads/2019/10/IMG_0813-768x576.jpg 768w" sizes="auto, (max-width: 1024px) 100vw, 1024px" /></figure></li><li class="blocks-gallery-item"><figure><img loading="lazy" decoding="async" width="1024" height="768" src="https://patrimoineduquebec.com/GaresduQuebec/wp-content/uploads/2019/10/PB240210-1024x768.jpg" alt="" data-id="1200" data-link="https://patrimoineduquebec.com/GaresduQuebec/patrimoine-quebecois/olympus-digital-camera-111/" class="wp-image-1200" srcset="https://patrimoineduquebec.com/GaresduQuebec/wp-content/uploads/2019/10/PB240210-1024x768.jpg 1024w, https://patrimoineduquebec.com/GaresduQuebec/wp-content/uploads/2019/10/PB240210-300x225.jpg 300w, https://patrimoineduquebec.com/GaresduQuebec/wp-content/uploads/2019/10/PB240210-768x576.jpg 768w" sizes="auto, (max-width: 1024px) 100vw, 1024px" /></figure></li><li class="blocks-gallery-item"><figure><img loading="lazy" decoding="async" width="1024" height="760" src="https://patrimoineduquebec.com/GaresduQuebec/wp-content/uploads/2019/10/Contrecoeur-1-1024x760.jpg" alt="" data-id="1201" data-link="https://patrimoineduquebec.com/GaresduQuebec/patrimoine-quebecois/contrecoeur-1/" class="wp-image-1201" srcset="https://patrimoineduquebec.com/GaresduQuebec/wp-content/uploads/2019/10/Contrecoeur-1-1024x760.jpg 1024w, https://patrimoineduquebec.com/GaresduQuebec/wp-content/uploads/2019/10/Contrecoeur-1-300x223.jpg 300w, https://patrimoineduquebec.com/GaresduQuebec/wp-content/uploads/2019/10/Contrecoeur-1-768x570.jpg 768w" sizes="auto, (max-width: 1024px) 100vw, 1024px" /></figure></li><li class="blocks-gallery-item"><figure><img loading="lazy" decoding="async" width="1024" height="683" src="https://patrimoineduquebec.com/GaresduQuebec/wp-content/uploads/2019/10/St-Jean-Port-Joli-2-1024x683.jpeg" alt="" data-id="1202" data-link="https://patrimoineduquebec.com/GaresduQuebec/patrimoine-quebecois/olympus-digital-camera-112/" class="wp-image-1202" srcset="https://patrimoineduquebec.com/GaresduQuebec/wp-content/uploads/2019/10/St-Jean-Port-Joli-2-1024x683.jpeg 1024w, https://patrimoineduquebec.com/GaresduQuebec/wp-content/uploads/2019/10/St-Jean-Port-Joli-2-300x200.jpeg 300w, https://patrimoineduquebec.com/GaresduQuebec/wp-content/uploads/2019/10/St-Jean-Port-Joli-2-768x512.jpeg 768w" sizes="auto, (max-width: 1024px) 100vw, 1024px" /></figure></li></ul></figure>

<p>Les croix de chemin au Québec Les ponts couverts au Québec Les moulins à vent du Québec Les églises du Québec</p>
