{"id":173,"date":"2019-09-25T12:07:04","date_gmt":"2019-09-25T12:07:04","guid":{"rendered":"https:\/\/patrimoineduquebec.com\/GaresduQuebec\/?page_id=173"},"modified":"2019-10-10T12:25:32","modified_gmt":"2019-10-10T12:25:32","slug":"mont-joli","status":"publish","type":"page","link":"https:\/\/patrimoineduquebec.com\/GaresduQuebec\/mont-joli\/","title":{"rendered":"Mont-Joli"},"content":{"rendered":"\n<div class=\"wp-block-image\"><figure class=\"aligncenter\"><a href=\"https:\/\/patrimoineduquebec.com\/GaresduQuebec\/wp-content\/uploads\/2019\/09\/P8103103.jpeg\"><img loading=\"lazy\" decoding=\"async\" width=\"1024\" height=\"768\" src=\"https:\/\/patrimoineduquebec.com\/GaresduQuebec\/wp-content\/uploads\/2019\/09\/P8103103-1024x768.jpeg\" alt=\"\" class=\"wp-image-174\" srcset=\"https:\/\/patrimoineduquebec.com\/GaresduQuebec\/wp-content\/uploads\/2019\/09\/P8103103-1024x768.jpeg 1024w, https:\/\/patrimoineduquebec.com\/GaresduQuebec\/wp-content\/uploads\/2019\/09\/P8103103-300x225.jpeg 300w, https:\/\/patrimoineduquebec.com\/GaresduQuebec\/wp-content\/uploads\/2019\/09\/P8103103-768x576.jpeg 768w\" sizes=\"auto, (max-width: 1024px) 100vw, 1024px\" \/><\/a><\/figure><\/div>\n\n\n\n<p><strong>Histoire&nbsp;<\/strong><br><\/p>\n\n\n\n<p>C&rsquo;est le chemin de fer l&rsquo;Intercolonial qui donne naissance \u00e0 la ville de Mont-Joli. En choisissant Sainte-Flavie Station (Mont-Joli) comme un de ses centres d&rsquo;entretien, l&rsquo;Intercolonial attire aussit\u00f4t des cheminots et leurs familles. Au premier janvier 1874,&nbsp; on compte d\u00e9j\u00e0 pr\u00e8s de soixante-dix hommes qui travaillent pour le chemin de fer.<br><\/p>\n\n\n\n<p>C&rsquo;est le 23 octobre 1880 que l&rsquo;honorable Th\u00e9odore Robitaille, Lieutenant-Gouverneur de la province de Qu\u00e9bec proclame officiellement l&rsquo;\u00e9rection municipale du village de Mont-Joli.<br><\/p>\n\n\n\n<p>La premi\u00e8re gare de Sainte-Flavie Station a \u00e9t\u00e9 construite en 1874. Cependant,&nbsp; pour assurer un meilleur service aux passagers, la vieille station de l&rsquo;Intercolonial sera remplac\u00e9e par une nouvelle gare.&nbsp;Celle-ci fut inaugur\u00e9e en 1913. <\/p>\n\n\n\n<p>Photos : Monique Bellemare<\/p>\n\n\n\n<ul class=\"wp-block-gallery columns-3 is-cropped wp-block-gallery-1 is-layout-flex wp-block-gallery-is-layout-flex\"><li class=\"blocks-gallery-item\"><figure><a href=\"https:\/\/patrimoineduquebec.com\/GaresduQuebec\/wp-content\/uploads\/2019\/09\/P8103099-1024x768.jpeg\"><img loading=\"lazy\" decoding=\"async\" width=\"1024\" height=\"768\" src=\"https:\/\/patrimoineduquebec.com\/GaresduQuebec\/wp-content\/uploads\/2019\/09\/P8103099-1024x768.jpeg\" alt=\"\" data-id=\"175\" data-link=\"https:\/\/patrimoineduquebec.com\/GaresduQuebec\/mont-joli\/mont-joli-2-2\/\" class=\"wp-image-175\" srcset=\"https:\/\/patrimoineduquebec.com\/GaresduQuebec\/wp-content\/uploads\/2019\/09\/P8103099-1024x768.jpeg 1024w, https:\/\/patrimoineduquebec.com\/GaresduQuebec\/wp-content\/uploads\/2019\/09\/P8103099-300x225.jpeg 300w, https:\/\/patrimoineduquebec.com\/GaresduQuebec\/wp-content\/uploads\/2019\/09\/P8103099-768x576.jpeg 768w\" sizes=\"auto, (max-width: 1024px) 100vw, 1024px\" \/><\/a><\/figure><\/li><li class=\"blocks-gallery-item\"><figure><a href=\"https:\/\/patrimoineduquebec.com\/GaresduQuebec\/wp-content\/uploads\/2019\/09\/P8103102-1024x768.jpg\"><img loading=\"lazy\" decoding=\"async\" width=\"1024\" height=\"768\" src=\"https:\/\/patrimoineduquebec.com\/GaresduQuebec\/wp-content\/uploads\/2019\/09\/P8103102-1024x768.jpg\" alt=\"\" data-id=\"176\" data-link=\"https:\/\/patrimoineduquebec.com\/GaresduQuebec\/mont-joli\/olympus-digital-camera-16\/\" class=\"wp-image-176\" srcset=\"https:\/\/patrimoineduquebec.com\/GaresduQuebec\/wp-content\/uploads\/2019\/09\/P8103102-1024x768.jpg 1024w, https:\/\/patrimoineduquebec.com\/GaresduQuebec\/wp-content\/uploads\/2019\/09\/P8103102-300x225.jpg 300w, https:\/\/patrimoineduquebec.com\/GaresduQuebec\/wp-content\/uploads\/2019\/09\/P8103102-768x576.jpg 768w\" sizes=\"auto, (max-width: 1024px) 100vw, 1024px\" \/><\/a><\/figure><\/li><li class=\"blocks-gallery-item\"><figure><a href=\"https:\/\/patrimoineduquebec.com\/GaresduQuebec\/wp-content\/uploads\/2019\/09\/P8103098-1024x768.jpg\"><img loading=\"lazy\" decoding=\"async\" width=\"1024\" height=\"768\" src=\"https:\/\/patrimoineduquebec.com\/GaresduQuebec\/wp-content\/uploads\/2019\/09\/P8103098-1024x768.jpg\" alt=\"\" data-id=\"177\" data-link=\"https:\/\/patrimoineduquebec.com\/GaresduQuebec\/mont-joli\/olympus-digital-camera-17\/\" class=\"wp-image-177\" srcset=\"https:\/\/patrimoineduquebec.com\/GaresduQuebec\/wp-content\/uploads\/2019\/09\/P8103098-1024x768.jpg 1024w, https:\/\/patrimoineduquebec.com\/GaresduQuebec\/wp-content\/uploads\/2019\/09\/P8103098-300x225.jpg 300w, https:\/\/patrimoineduquebec.com\/GaresduQuebec\/wp-content\/uploads\/2019\/09\/P8103098-768x576.jpg 768w\" sizes=\"auto, (max-width: 1024px) 100vw, 1024px\" \/><\/a><\/figure><\/li><li class=\"blocks-gallery-item\"><figure><a href=\"https:\/\/patrimoineduquebec.com\/GaresduQuebec\/wp-content\/uploads\/2019\/09\/Gare-Mont-Joli-1024x680.jpeg\"><img loading=\"lazy\" decoding=\"async\" width=\"1024\" height=\"680\" src=\"https:\/\/patrimoineduquebec.com\/GaresduQuebec\/wp-content\/uploads\/2019\/09\/Gare-Mont-Joli-1024x680.jpeg\" alt=\"\" data-id=\"352\" data-link=\"https:\/\/patrimoineduquebec.com\/GaresduQuebec\/mont-joli\/gare-mont-joli\/\" class=\"wp-image-352\" srcset=\"https:\/\/patrimoineduquebec.com\/GaresduQuebec\/wp-content\/uploads\/2019\/09\/Gare-Mont-Joli-1024x680.jpeg 1024w, https:\/\/patrimoineduquebec.com\/GaresduQuebec\/wp-content\/uploads\/2019\/09\/Gare-Mont-Joli-300x199.jpeg 300w, https:\/\/patrimoineduquebec.com\/GaresduQuebec\/wp-content\/uploads\/2019\/09\/Gare-Mont-Joli-768x510.jpeg 768w, https:\/\/patrimoineduquebec.com\/GaresduQuebec\/wp-content\/uploads\/2019\/09\/Gare-Mont-Joli.jpeg 1094w\" sizes=\"auto, (max-width: 1024px) 100vw, 1024px\" \/><\/a><\/figure><\/li><\/ul>\n","protected":false},"excerpt":{"rendered":"<p>Histoire&nbsp; C&rsquo;est le chemin de fer l&rsquo;Intercolonial qui donne naissance \u00e0 la ville de Mont-Joli. En choisissant Sainte-Flavie Station (Mont-Joli) comme un de ses centres d&rsquo;entretien, l&rsquo;Intercolonial attire aussit\u00f4t des cheminots et leurs familles. Au premier janvier 1874,&nbsp; on compte d\u00e9j\u00e0 pr\u00e8s de soixante-dix hommes qui travaillent pour le chemin de fer. C&rsquo;est le 23 [&hellip;]<\/p>\n","protected":false},"author":1,"featured_media":0,"parent":0,"menu_order":0,"comment_status":"closed","ping_status":"closed","template":"","meta":{"footnotes":""},"class_list":["post-173","page","type-page","status-publish","hentry"],"_links":{"self":[{"href":"https:\/\/patrimoineduquebec.com\/GaresduQuebec\/wp-json\/wp\/v2\/pages\/173","targetHints":{"allow":["GET"]}}],"collection":[{"href":"https:\/\/patrimoineduquebec.com\/GaresduQuebec\/wp-json\/wp\/v2\/pages"}],"about":[{"href":"https:\/\/patrimoineduquebec.com\/GaresduQuebec\/wp-json\/wp\/v2\/types\/page"}],"author":[{"embeddable":true,"href":"https:\/\/patrimoineduquebec.com\/GaresduQuebec\/wp-json\/wp\/v2\/users\/1"}],"replies":[{"embeddable":true,"href":"https:\/\/patrimoineduquebec.com\/GaresduQuebec\/wp-json\/wp\/v2\/comments?post=173"}],"version-history":[{"count":4,"href":"https:\/\/patrimoineduquebec.com\/GaresduQuebec\/wp-json\/wp\/v2\/pages\/173\/revisions"}],"predecessor-version":[{"id":1622,"href":"https:\/\/patrimoineduquebec.com\/GaresduQuebec\/wp-json\/wp\/v2\/pages\/173\/revisions\/1622"}],"wp:attachment":[{"href":"https:\/\/patrimoineduquebec.com\/GaresduQuebec\/wp-json\/wp\/v2\/media?parent=173"}],"curies":[{"name":"wp","href":"https:\/\/api.w.org\/{rel}","templated":true}]}}

<div class="wp-block-image"><figure class="aligncenter"><a href="https://patrimoineduquebec.com/GaresduQuebec/wp-content/uploads/2019/09/P8103103.jpeg"><img loading="lazy" decoding="async" width="1024" height="768" src="https://patrimoineduquebec.com/GaresduQuebec/wp-content/uploads/2019/09/P8103103-1024x768.jpeg" alt="" class="wp-image-174" srcset="https://patrimoineduquebec.com/GaresduQuebec/wp-content/uploads/2019/09/P8103103-1024x768.jpeg 1024w, https://patrimoineduquebec.com/GaresduQuebec/wp-content/uploads/2019/09/P8103103-300x225.jpeg 300w, https://patrimoineduquebec.com/GaresduQuebec/wp-content/uploads/2019/09/P8103103-768x576.jpeg 768w" sizes="auto, (max-width: 1024px) 100vw, 1024px" /></a></figure></div>



<p><strong>Histoire&nbsp;</strong><br></p>



<p>C&rsquo;est le chemin de fer l&rsquo;Intercolonial qui donne naissance à la ville de Mont-Joli. En choisissant Sainte-Flavie Station (Mont-Joli) comme un de ses centres d&rsquo;entretien, l&rsquo;Intercolonial attire aussitôt des cheminots et leurs familles. Au premier janvier 1874,&nbsp; on compte déjà près de soixante-dix hommes qui travaillent pour le chemin de fer.<br></p>



<p>C&rsquo;est le 23 octobre 1880 que l&rsquo;honorable Théodore Robitaille, Lieutenant-Gouverneur de la province de Québec proclame officiellement l&rsquo;érection municipale du village de Mont-Joli.<br></p>



<p>La première gare de Sainte-Flavie Station a été construite en 1874. Cependant,&nbsp; pour assurer un meilleur service aux passagers, la vieille station de l&rsquo;Intercolonial sera remplacée par une nouvelle gare.&nbsp;Celle-ci fut inaugurée en 1913. </p>



<p>Photos : Monique Bellemare</p>



<ul class="wp-block-gallery columns-3 is-cropped wp-block-gallery-1 is-layout-flex wp-block-gallery-is-layout-flex"><li class="blocks-gallery-item"><figure><a href="https://patrimoineduquebec.com/GaresduQuebec/wp-content/uploads/2019/09/P8103099-1024x768.jpeg"><img loading="lazy" decoding="async" width="1024" height="768" src="https://patrimoineduquebec.com/GaresduQuebec/wp-content/uploads/2019/09/P8103099-1024x768.jpeg" alt="" data-id="175" data-link="https://patrimoineduquebec.com/GaresduQuebec/mont-joli/mont-joli-2-2/" class="wp-image-175" srcset="https://patrimoineduquebec.com/GaresduQuebec/wp-content/uploads/2019/09/P8103099-1024x768.jpeg 1024w, https://patrimoineduquebec.com/GaresduQuebec/wp-content/uploads/2019/09/P8103099-300x225.jpeg 300w, https://patrimoineduquebec.com/GaresduQuebec/wp-content/uploads/2019/09/P8103099-768x576.jpeg 768w" sizes="auto, (max-width: 1024px) 100vw, 1024px" /></a></figure></li><li class="blocks-gallery-item"><figure><a href="https://patrimoineduquebec.com/GaresduQuebec/wp-content/uploads/2019/09/P8103102-1024x768.jpg"><img loading="lazy" decoding="async" width="1024" height="768" src="https://patrimoineduquebec.com/GaresduQuebec/wp-content/uploads/2019/09/P8103102-1024x768.jpg" alt="" data-id="176" data-link="https://patrimoineduquebec.com/GaresduQuebec/mont-joli/olympus-digital-camera-16/" class="wp-image-176" srcset="https://patrimoineduquebec.com/GaresduQuebec/wp-content/uploads/2019/09/P8103102-1024x768.jpg 1024w, https://patrimoineduquebec.com/GaresduQuebec/wp-content/uploads/2019/09/P8103102-300x225.jpg 300w, https://patrimoineduquebec.com/GaresduQuebec/wp-content/uploads/2019/09/P8103102-768x576.jpg 768w" sizes="auto, (max-width: 1024px) 100vw, 1024px" /></a></figure></li><li class="blocks-gallery-item"><figure><a href="https://patrimoineduquebec.com/GaresduQuebec/wp-content/uploads/2019/09/P8103098-1024x768.jpg"><img loading="lazy" decoding="async" width="1024" height="768" src="https://patrimoineduquebec.com/GaresduQuebec/wp-content/uploads/2019/09/P8103098-1024x768.jpg" alt="" data-id="177" data-link="https://patrimoineduquebec.com/GaresduQuebec/mont-joli/olympus-digital-camera-17/" class="wp-image-177" srcset="https://patrimoineduquebec.com/GaresduQuebec/wp-content/uploads/2019/09/P8103098-1024x768.jpg 1024w, https://patrimoineduquebec.com/GaresduQuebec/wp-content/uploads/2019/09/P8103098-300x225.jpg 300w, https://patrimoineduquebec.com/GaresduQuebec/wp-content/uploads/2019/09/P8103098-768x576.jpg 768w" sizes="auto, (max-width: 1024px) 100vw, 1024px" /></a></figure></li><li class="blocks-gallery-item"><figure><a href="https://patrimoineduquebec.com/GaresduQuebec/wp-content/uploads/2019/09/Gare-Mont-Joli-1024x680.jpeg"><img loading="lazy" decoding="async" width="1024" height="680" src="https://patrimoineduquebec.com/GaresduQuebec/wp-content/uploads/2019/09/Gare-Mont-Joli-1024x680.jpeg" alt="" data-id="352" data-link="https://patrimoineduquebec.com/GaresduQuebec/mont-joli/gare-mont-joli/" class="wp-image-352" srcset="https://patrimoineduquebec.com/GaresduQuebec/wp-content/uploads/2019/09/Gare-Mont-Joli-1024x680.jpeg 1024w, https://patrimoineduquebec.com/GaresduQuebec/wp-content/uploads/2019/09/Gare-Mont-Joli-300x199.jpeg 300w, https://patrimoineduquebec.com/GaresduQuebec/wp-content/uploads/2019/09/Gare-Mont-Joli-768x510.jpeg 768w, https://patrimoineduquebec.com/GaresduQuebec/wp-content/uploads/2019/09/Gare-Mont-Joli.jpeg 1094w" sizes="auto, (max-width: 1024px) 100vw, 1024px" /></a></figure></li></ul>

<p>Histoire&nbsp; C&rsquo;est le chemin de fer l&rsquo;Intercolonial qui donne naissance à la ville de Mont-Joli. En choisissant Sainte-Flavie Station (Mont-Joli) comme un de ses centres d&rsquo;entretien, l&rsquo;Intercolonial attire aussitôt des cheminots et leurs familles. Au premier janvier 1874,&nbsp; on compte déjà près de soixante-dix hommes qui travaillent pour le chemin de fer. C&rsquo;est le 23 [&hellip;]</p>
