{"id":1237,"date":"2019-10-04T20:55:31","date_gmt":"2019-10-04T20:55:31","guid":{"rendered":"https:\/\/patrimoineduquebec.com\/GaresduQuebec\/?page_id=1237"},"modified":"2019-10-14T14:12:54","modified_gmt":"2019-10-14T14:12:54","slug":"dupuy","status":"publish","type":"page","link":"https:\/\/patrimoineduquebec.com\/GaresduQuebec\/dupuy\/","title":{"rendered":"Dupuy"},"content":{"rendered":"\n<div class=\"wp-block-image\"><figure class=\"aligncenter\"><a href=\"https:\/\/patrimoineduquebec.com\/GaresduQuebec\/wp-content\/uploads\/2019\/10\/gare-dupuy-G\u00e9rald-Arbour-N2.jpeg\"><img loading=\"lazy\" decoding=\"async\" width=\"1024\" height=\"768\" src=\"https:\/\/patrimoineduquebec.com\/GaresduQuebec\/wp-content\/uploads\/2019\/10\/gare-dupuy-G\u00e9rald-Arbour-N2-1024x768.jpeg\" alt=\"\" class=\"wp-image-1238\" srcset=\"https:\/\/patrimoineduquebec.com\/GaresduQuebec\/wp-content\/uploads\/2019\/10\/gare-dupuy-G\u00e9rald-Arbour-N2-1024x768.jpeg 1024w, https:\/\/patrimoineduquebec.com\/GaresduQuebec\/wp-content\/uploads\/2019\/10\/gare-dupuy-G\u00e9rald-Arbour-N2-300x225.jpeg 300w, https:\/\/patrimoineduquebec.com\/GaresduQuebec\/wp-content\/uploads\/2019\/10\/gare-dupuy-G\u00e9rald-Arbour-N2-768x576.jpeg 768w\" sizes=\"auto, (max-width: 1024px) 100vw, 1024px\" \/><\/a><\/figure><\/div>\n\n\n\n<p><strong>Informations :<\/strong><\/p>\n\n\n\n<p>Cette gare du CN au toit \u00e0 deux versants, construite en 1912, a \u00e9t\u00e9 am\u00e9nag\u00e9e en maison de la culture (salle d&rsquo;exposition, th\u00e9\u00e2tre de marionnettes et biblioth\u00e8que.<\/p>\n\n\n\n<p class=\"has-text-color has-vivid-cyan-blue-color\">Source <a href=\"https:\/\/www.erudit.org\/fr\/revues\/continuite\/1986-n30-continuite1051235\/18068ac.pdf\" target=\"_blank\" rel=\"noreferrer noopener\" aria-label=\": \u00c9rudit (s\u2019ouvre dans un nouvel onglet)\">: \u00c9rudit<\/a><\/p>\n\n\n\n<p>Photos : G\u00e9rald Arbour<\/p>\n\n\n\n<ul class=\"wp-block-gallery columns-3 is-cropped wp-block-gallery-1 is-layout-flex wp-block-gallery-is-layout-flex\"><li class=\"blocks-gallery-item\"><figure><a href=\"https:\/\/patrimoineduquebec.com\/GaresduQuebec\/wp-content\/uploads\/2019\/10\/gare-dupuy-G\u00e9rald-Arbour-N1-1024x768.jpeg\"><img loading=\"lazy\" decoding=\"async\" width=\"1024\" height=\"768\" src=\"https:\/\/patrimoineduquebec.com\/GaresduQuebec\/wp-content\/uploads\/2019\/10\/gare-dupuy-G\u00e9rald-Arbour-N1-1024x768.jpeg\" alt=\"\" data-id=\"1239\" data-link=\"https:\/\/patrimoineduquebec.com\/GaresduQuebec\/dupuy\/gare-dupuy-gerald-arbour-n1\/\" class=\"wp-image-1239\" srcset=\"https:\/\/patrimoineduquebec.com\/GaresduQuebec\/wp-content\/uploads\/2019\/10\/gare-dupuy-G\u00e9rald-Arbour-N1-1024x768.jpeg 1024w, https:\/\/patrimoineduquebec.com\/GaresduQuebec\/wp-content\/uploads\/2019\/10\/gare-dupuy-G\u00e9rald-Arbour-N1-300x225.jpeg 300w, https:\/\/patrimoineduquebec.com\/GaresduQuebec\/wp-content\/uploads\/2019\/10\/gare-dupuy-G\u00e9rald-Arbour-N1-768x576.jpeg 768w\" sizes=\"auto, (max-width: 1024px) 100vw, 1024px\" \/><\/a><\/figure><\/li><li class=\"blocks-gallery-item\"><figure><a href=\"https:\/\/patrimoineduquebec.com\/GaresduQuebec\/wp-content\/uploads\/2019\/10\/gare-dupuy-G\u00e9rald-Arbour-N4-1024x768.jpeg\"><img loading=\"lazy\" decoding=\"async\" width=\"1024\" height=\"768\" src=\"https:\/\/patrimoineduquebec.com\/GaresduQuebec\/wp-content\/uploads\/2019\/10\/gare-dupuy-G\u00e9rald-Arbour-N4-1024x768.jpeg\" alt=\"\" data-id=\"1240\" data-link=\"https:\/\/patrimoineduquebec.com\/GaresduQuebec\/dupuy\/gare-dupuy-gerald-arbour-n4\/\" class=\"wp-image-1240\" srcset=\"https:\/\/patrimoineduquebec.com\/GaresduQuebec\/wp-content\/uploads\/2019\/10\/gare-dupuy-G\u00e9rald-Arbour-N4-1024x768.jpeg 1024w, https:\/\/patrimoineduquebec.com\/GaresduQuebec\/wp-content\/uploads\/2019\/10\/gare-dupuy-G\u00e9rald-Arbour-N4-300x225.jpeg 300w, https:\/\/patrimoineduquebec.com\/GaresduQuebec\/wp-content\/uploads\/2019\/10\/gare-dupuy-G\u00e9rald-Arbour-N4-768x576.jpeg 768w\" sizes=\"auto, (max-width: 1024px) 100vw, 1024px\" \/><\/a><\/figure><\/li><li class=\"blocks-gallery-item\"><figure><a href=\"https:\/\/patrimoineduquebec.com\/GaresduQuebec\/wp-content\/uploads\/2019\/10\/A-gare-de-dupuy-1.jpeg\"><img loading=\"lazy\" decoding=\"async\" width=\"597\" height=\"340\" src=\"https:\/\/patrimoineduquebec.com\/GaresduQuebec\/wp-content\/uploads\/2019\/10\/A-gare-de-dupuy-1.jpeg\" alt=\"\" data-id=\"1419\" data-link=\"https:\/\/patrimoineduquebec.com\/GaresduQuebec\/dupuy\/a-gare-de-dupuy-3\/\" class=\"wp-image-1419\" srcset=\"https:\/\/patrimoineduquebec.com\/GaresduQuebec\/wp-content\/uploads\/2019\/10\/A-gare-de-dupuy-1.jpeg 597w, https:\/\/patrimoineduquebec.com\/GaresduQuebec\/wp-content\/uploads\/2019\/10\/A-gare-de-dupuy-1-300x171.jpeg 300w\" sizes=\"auto, (max-width: 597px) 100vw, 597px\" \/><\/a><\/figure><\/li><\/ul>\n","protected":false},"excerpt":{"rendered":"<p>Informations : Cette gare du CN au toit \u00e0 deux versants, construite en 1912, a \u00e9t\u00e9 am\u00e9nag\u00e9e en maison de la culture (salle d&rsquo;exposition, th\u00e9\u00e2tre de marionnettes et biblioth\u00e8que. Source : \u00c9rudit Photos : G\u00e9rald Arbour<\/p>\n","protected":false},"author":1,"featured_media":0,"parent":0,"menu_order":0,"comment_status":"closed","ping_status":"closed","template":"","meta":{"footnotes":""},"class_list":["post-1237","page","type-page","status-publish","hentry"],"_links":{"self":[{"href":"https:\/\/patrimoineduquebec.com\/GaresduQuebec\/wp-json\/wp\/v2\/pages\/1237","targetHints":{"allow":["GET"]}}],"collection":[{"href":"https:\/\/patrimoineduquebec.com\/GaresduQuebec\/wp-json\/wp\/v2\/pages"}],"about":[{"href":"https:\/\/patrimoineduquebec.com\/GaresduQuebec\/wp-json\/wp\/v2\/types\/page"}],"author":[{"embeddable":true,"href":"https:\/\/patrimoineduquebec.com\/GaresduQuebec\/wp-json\/wp\/v2\/users\/1"}],"replies":[{"embeddable":true,"href":"https:\/\/patrimoineduquebec.com\/GaresduQuebec\/wp-json\/wp\/v2\/comments?post=1237"}],"version-history":[{"count":5,"href":"https:\/\/patrimoineduquebec.com\/GaresduQuebec\/wp-json\/wp\/v2\/pages\/1237\/revisions"}],"predecessor-version":[{"id":1742,"href":"https:\/\/patrimoineduquebec.com\/GaresduQuebec\/wp-json\/wp\/v2\/pages\/1237\/revisions\/1742"}],"wp:attachment":[{"href":"https:\/\/patrimoineduquebec.com\/GaresduQuebec\/wp-json\/wp\/v2\/media?parent=1237"}],"curies":[{"name":"wp","href":"https:\/\/api.w.org\/{rel}","templated":true}]}}

<div class="wp-block-image"><figure class="aligncenter"><a href="https://patrimoineduquebec.com/GaresduQuebec/wp-content/uploads/2019/10/gare-dupuy-Gérald-Arbour-N2.jpeg"><img loading="lazy" decoding="async" width="1024" height="768" src="https://patrimoineduquebec.com/GaresduQuebec/wp-content/uploads/2019/10/gare-dupuy-Gérald-Arbour-N2-1024x768.jpeg" alt="" class="wp-image-1238" srcset="https://patrimoineduquebec.com/GaresduQuebec/wp-content/uploads/2019/10/gare-dupuy-Gérald-Arbour-N2-1024x768.jpeg 1024w, https://patrimoineduquebec.com/GaresduQuebec/wp-content/uploads/2019/10/gare-dupuy-Gérald-Arbour-N2-300x225.jpeg 300w, https://patrimoineduquebec.com/GaresduQuebec/wp-content/uploads/2019/10/gare-dupuy-Gérald-Arbour-N2-768x576.jpeg 768w" sizes="auto, (max-width: 1024px) 100vw, 1024px" /></a></figure></div>



<p><strong>Informations :</strong></p>



<p>Cette gare du CN au toit à deux versants, construite en 1912, a été aménagée en maison de la culture (salle d&rsquo;exposition, théâtre de marionnettes et bibliothèque.</p>



<p class="has-text-color has-vivid-cyan-blue-color">Source <a href="https://www.erudit.org/fr/revues/continuite/1986-n30-continuite1051235/18068ac.pdf" target="_blank" rel="noreferrer noopener" aria-label=": Érudit (s’ouvre dans un nouvel onglet)">: Érudit</a></p>



<p>Photos : Gérald Arbour</p>



<ul class="wp-block-gallery columns-3 is-cropped wp-block-gallery-1 is-layout-flex wp-block-gallery-is-layout-flex"><li class="blocks-gallery-item"><figure><a href="https://patrimoineduquebec.com/GaresduQuebec/wp-content/uploads/2019/10/gare-dupuy-Gérald-Arbour-N1-1024x768.jpeg"><img loading="lazy" decoding="async" width="1024" height="768" src="https://patrimoineduquebec.com/GaresduQuebec/wp-content/uploads/2019/10/gare-dupuy-Gérald-Arbour-N1-1024x768.jpeg" alt="" data-id="1239" data-link="https://patrimoineduquebec.com/GaresduQuebec/dupuy/gare-dupuy-gerald-arbour-n1/" class="wp-image-1239" srcset="https://patrimoineduquebec.com/GaresduQuebec/wp-content/uploads/2019/10/gare-dupuy-Gérald-Arbour-N1-1024x768.jpeg 1024w, https://patrimoineduquebec.com/GaresduQuebec/wp-content/uploads/2019/10/gare-dupuy-Gérald-Arbour-N1-300x225.jpeg 300w, https://patrimoineduquebec.com/GaresduQuebec/wp-content/uploads/2019/10/gare-dupuy-Gérald-Arbour-N1-768x576.jpeg 768w" sizes="auto, (max-width: 1024px) 100vw, 1024px" /></a></figure></li><li class="blocks-gallery-item"><figure><a href="https://patrimoineduquebec.com/GaresduQuebec/wp-content/uploads/2019/10/gare-dupuy-Gérald-Arbour-N4-1024x768.jpeg"><img loading="lazy" decoding="async" width="1024" height="768" src="https://patrimoineduquebec.com/GaresduQuebec/wp-content/uploads/2019/10/gare-dupuy-Gérald-Arbour-N4-1024x768.jpeg" alt="" data-id="1240" data-link="https://patrimoineduquebec.com/GaresduQuebec/dupuy/gare-dupuy-gerald-arbour-n4/" class="wp-image-1240" srcset="https://patrimoineduquebec.com/GaresduQuebec/wp-content/uploads/2019/10/gare-dupuy-Gérald-Arbour-N4-1024x768.jpeg 1024w, https://patrimoineduquebec.com/GaresduQuebec/wp-content/uploads/2019/10/gare-dupuy-Gérald-Arbour-N4-300x225.jpeg 300w, https://patrimoineduquebec.com/GaresduQuebec/wp-content/uploads/2019/10/gare-dupuy-Gérald-Arbour-N4-768x576.jpeg 768w" sizes="auto, (max-width: 1024px) 100vw, 1024px" /></a></figure></li><li class="blocks-gallery-item"><figure><a href="https://patrimoineduquebec.com/GaresduQuebec/wp-content/uploads/2019/10/A-gare-de-dupuy-1.jpeg"><img loading="lazy" decoding="async" width="597" height="340" src="https://patrimoineduquebec.com/GaresduQuebec/wp-content/uploads/2019/10/A-gare-de-dupuy-1.jpeg" alt="" data-id="1419" data-link="https://patrimoineduquebec.com/GaresduQuebec/dupuy/a-gare-de-dupuy-3/" class="wp-image-1419" srcset="https://patrimoineduquebec.com/GaresduQuebec/wp-content/uploads/2019/10/A-gare-de-dupuy-1.jpeg 597w, https://patrimoineduquebec.com/GaresduQuebec/wp-content/uploads/2019/10/A-gare-de-dupuy-1-300x171.jpeg 300w" sizes="auto, (max-width: 597px) 100vw, 597px" /></a></figure></li></ul>

<p>Informations : Cette gare du CN au toit à deux versants, construite en 1912, a été aménagée en maison de la culture (salle d&rsquo;exposition, théâtre de marionnettes et bibliothèque. Source : Érudit Photos : Gérald Arbour</p>
