{"id":1075,"date":"2019-10-02T13:34:36","date_gmt":"2019-10-02T13:34:36","guid":{"rendered":"https:\/\/patrimoineduquebec.com\/GaresduQuebec\/?page_id=1075"},"modified":"2020-04-05T14:36:07","modified_gmt":"2020-04-05T14:36:07","slug":"ville-de-mont-royal","status":"publish","type":"page","link":"https:\/\/patrimoineduquebec.com\/GaresduQuebec\/ville-de-mont-royal\/","title":{"rendered":"Ville de Mont-Royal"},"content":{"rendered":"\n<div class=\"wp-block-image\"><figure class=\"aligncenter\"><a href=\"https:\/\/patrimoineduquebec.com\/GaresduQuebec\/wp-content\/uploads\/2019\/10\/DSCN4346-1.jpeg\"><img loading=\"lazy\" decoding=\"async\" width=\"1024\" height=\"768\" src=\"https:\/\/patrimoineduquebec.com\/GaresduQuebec\/wp-content\/uploads\/2019\/10\/DSCN4346-1-1024x768.jpeg\" alt=\"\" class=\"wp-image-1076\" srcset=\"https:\/\/patrimoineduquebec.com\/GaresduQuebec\/wp-content\/uploads\/2019\/10\/DSCN4346-1-1024x768.jpeg 1024w, https:\/\/patrimoineduquebec.com\/GaresduQuebec\/wp-content\/uploads\/2019\/10\/DSCN4346-1-300x225.jpeg 300w, https:\/\/patrimoineduquebec.com\/GaresduQuebec\/wp-content\/uploads\/2019\/10\/DSCN4346-1-768x576.jpeg 768w\" sizes=\"auto, (max-width: 1024px) 100vw, 1024px\" \/><\/a><\/figure><\/div>\n\n\n\n<p><strong>Histoire<\/strong><br><\/p>\n\n\n\n<p>La gare de ville de Mont-Royal, construite en 1917 est situ\u00e9e au 1275 chemin Dunkirk. Sa situation en plein centre g\u00e9ographique de cette ville, n\u2019est pas le fruit du hasard. L\u2019acc\u00e8s au centre-ville de Montr\u00e9al par le train \u00e9tait le principal argument de d\u00e9veloppement de cette cit\u00e9 planifi\u00e9e par une compagnie de chemin de fer.&nbsp;<br><\/p>\n\n\n\n<p>Elle fait partie des b\u00e2timents embl\u00e9matiques de la Ville de Mont-Royal. Elle est le point focal vers lequel les boulevards diagonaux Laird et Graham convergent. Sa toiture imposante \u00e0 larges d\u00e9bords et son parement de brique sont typiques des gares am\u00e9nag\u00e9es par le CN au d\u00e9but du XXe si\u00e8cle.<br><\/p>\n\n\n\n<p>L\u2019histoire se rattachant \u00e0 la construction de la gare et de tout ce qui entoure le r\u00e9seau ferroviaire de ce secteur par la compagnie Canadien Nord (Canadian Northern) s\u2019av\u00e8re des plus int\u00e9ressantes. Voici le r\u00e9cit de cet ambitieux projet :<br><\/p>\n\n\n\n<p>Au d\u00e9but du XXe si\u00e8cle, le Canadien Nord (Canadian Northern) cr\u00e9e un r\u00e9seau ferroviaire transcanadien concurrent de celui du CP, pour lequel il lui faut disposer d&rsquo;une entr\u00e9e au centre de Montr\u00e9al. Ces acc\u00e8s lui sont toutefois bloqu\u00e9s par le CP. Mais en 1911, un projet tr\u00e8s ambitieux est sugg\u00e9r\u00e9 par le Canadien Nord : le percement d&rsquo;un tunnel de cinq kilom\u00e8tres sous le mont Royal. Cette id\u00e9e est retenue et les travaux d\u00e9butent le 8 juillet 1912 \u00e0 chacune des extr\u00e9mit\u00e9s du futur tunnel. Il fallut 18 mois aux deux \u00e9quipes pour se rencontrer \u00e0 220 m\u00e8tres sous le sommet de la montagne. Les plans ont \u00e9t\u00e9 tellement bien dessin\u00e9s que l\u2019\u00e9cart ne fut que d\u2019un pouce dans l\u2019alignement et d\u2019un quart-de-pouce au niveau de la hauteur des deux tron\u00e7ons oppos\u00e9s du tunnel. Henry Wicksteed, ing\u00e9nieur en chef de la compagnie, propose alors une op\u00e9ration immobili\u00e8re d\u2019envergure, la cr\u00e9ation de la Ville de Mont-Royal, afin de financer le percement du tunnel.&nbsp;<br><br>En 1911, une filiale du Canadien Nord n\u00e9gocie l\u2019achat des terres agricoles de la portion sud de la c\u00f4te Saint-Laurent. En 1912, l\u2019architecte paysagiste d\u2019origine am\u00e9ricaine Frederick Gage Todd est engag\u00e9 pour concevoir une banlieue jardin organis\u00e9e autour de la gare ferroviaire. En 1917, le tunnel vers le centre-ville est inaugur\u00e9 et l\u2019ann\u00e9e suivante, la gare est mise en service. Durant la p\u00e9riode, le parc Connaught, situ\u00e9 au c\u0153ur de la Ville est loti et am\u00e9nag\u00e9. La gare est install\u00e9e dans la portion est du parc.&nbsp;<br><\/p>\n\n\n\n<p class=\"has-text-color has-very-dark-gray-color\">La gare de ville de Mont-Royal sert actuellement d\u2019arr\u00eat pour les trains de banlieue op\u00e9r\u00e9s par&nbsp;<a href=\"http:\/\/www.amt.qc.ca\/\">AMT<\/a>.&nbsp;Un restaurant sous la banni\u00e8re&nbsp;<a href=\"http:\/\/www.pizzaiolle.com\/_._.html\">Pizzaiolle<\/a>&nbsp;op\u00e8re dans ce b\u00e2timent dont l\u2019apparence ext\u00e9rieure n\u2019a pas \u00e9t\u00e9 modifi\u00e9e.<\/p>\n\n\n\n<p class=\"has-text-color has-vivid-cyan-blue-color\">So<a rel=\"noreferrer noopener\" aria-label=\"urce : GrandQu\u00e9bec (s\u2019ouvre dans un nouvel onglet)\" href=\"http:\/\/grandquebec.com\/montreal-histoire\/tunnel-mont-royal\/\" target=\"_blank\">urce : GrandQu\u00e9bec<\/a><\/p>\n\n\n\n<p>Photos : Monique Bellemare<\/p>\n\n\n\n<figure class=\"wp-block-gallery columns-3 is-cropped wp-block-gallery-1 is-layout-flex wp-block-gallery-is-layout-flex\"><ul class=\"blocks-gallery-grid\"><li class=\"blocks-gallery-item\"><figure><a href=\"https:\/\/patrimoineduquebec.com\/GaresduQuebec\/wp-content\/uploads\/2019\/10\/DSCN4348-1-1024x768.jpeg\"><img loading=\"lazy\" decoding=\"async\" width=\"1024\" height=\"768\" src=\"https:\/\/patrimoineduquebec.com\/GaresduQuebec\/wp-content\/uploads\/2019\/10\/DSCN4348-1-1024x768.jpeg\" alt=\"\" data-id=\"1077\" data-link=\"https:\/\/patrimoineduquebec.com\/GaresduQuebec\/ville-de-mont-royal\/dscn4348-2\/\" class=\"wp-image-1077\" srcset=\"https:\/\/patrimoineduquebec.com\/GaresduQuebec\/wp-content\/uploads\/2019\/10\/DSCN4348-1-1024x768.jpeg 1024w, https:\/\/patrimoineduquebec.com\/GaresduQuebec\/wp-content\/uploads\/2019\/10\/DSCN4348-1-300x225.jpeg 300w, https:\/\/patrimoineduquebec.com\/GaresduQuebec\/wp-content\/uploads\/2019\/10\/DSCN4348-1-768x576.jpeg 768w\" sizes=\"auto, (max-width: 1024px) 100vw, 1024px\" \/><\/a><\/figure><\/li><li class=\"blocks-gallery-item\"><figure><a href=\"https:\/\/patrimoineduquebec.com\/GaresduQuebec\/wp-content\/uploads\/2019\/10\/DSCN4350-1-1024x768.jpeg\"><img loading=\"lazy\" decoding=\"async\" width=\"1024\" height=\"768\" src=\"https:\/\/patrimoineduquebec.com\/GaresduQuebec\/wp-content\/uploads\/2019\/10\/DSCN4350-1-1024x768.jpeg\" alt=\"\" data-id=\"1078\" data-link=\"https:\/\/patrimoineduquebec.com\/GaresduQuebec\/ville-de-mont-royal\/dscn4350-2\/\" class=\"wp-image-1078\" srcset=\"https:\/\/patrimoineduquebec.com\/GaresduQuebec\/wp-content\/uploads\/2019\/10\/DSCN4350-1-1024x768.jpeg 1024w, https:\/\/patrimoineduquebec.com\/GaresduQuebec\/wp-content\/uploads\/2019\/10\/DSCN4350-1-300x225.jpeg 300w, https:\/\/patrimoineduquebec.com\/GaresduQuebec\/wp-content\/uploads\/2019\/10\/DSCN4350-1-768x576.jpeg 768w\" sizes=\"auto, (max-width: 1024px) 100vw, 1024px\" \/><\/a><\/figure><\/li><li class=\"blocks-gallery-item\"><figure><a href=\"https:\/\/patrimoineduquebec.com\/GaresduQuebec\/wp-content\/uploads\/2019\/10\/DSCN4354-1-1024x768.jpeg\"><img loading=\"lazy\" decoding=\"async\" width=\"1024\" height=\"768\" src=\"https:\/\/patrimoineduquebec.com\/GaresduQuebec\/wp-content\/uploads\/2019\/10\/DSCN4354-1-1024x768.jpeg\" alt=\"\" data-id=\"1080\" data-link=\"https:\/\/patrimoineduquebec.com\/GaresduQuebec\/ville-de-mont-royal\/dscn4354-2\/\" class=\"wp-image-1080\" srcset=\"https:\/\/patrimoineduquebec.com\/GaresduQuebec\/wp-content\/uploads\/2019\/10\/DSCN4354-1-1024x768.jpeg 1024w, https:\/\/patrimoineduquebec.com\/GaresduQuebec\/wp-content\/uploads\/2019\/10\/DSCN4354-1-300x225.jpeg 300w, https:\/\/patrimoineduquebec.com\/GaresduQuebec\/wp-content\/uploads\/2019\/10\/DSCN4354-1-768x576.jpeg 768w\" sizes=\"auto, (max-width: 1024px) 100vw, 1024px\" \/><\/a><\/figure><\/li><li class=\"blocks-gallery-item\"><figure><a href=\"https:\/\/patrimoineduquebec.com\/GaresduQuebec\/wp-content\/uploads\/2019\/10\/DSCN4349-1-1024x768.jpeg\"><img loading=\"lazy\" decoding=\"async\" width=\"1024\" height=\"768\" src=\"https:\/\/patrimoineduquebec.com\/GaresduQuebec\/wp-content\/uploads\/2019\/10\/DSCN4349-1-1024x768.jpeg\" alt=\"\" data-id=\"1081\" data-link=\"https:\/\/patrimoineduquebec.com\/GaresduQuebec\/ville-de-mont-royal\/dscn4349-2\/\" class=\"wp-image-1081\" srcset=\"https:\/\/patrimoineduquebec.com\/GaresduQuebec\/wp-content\/uploads\/2019\/10\/DSCN4349-1-1024x768.jpeg 1024w, https:\/\/patrimoineduquebec.com\/GaresduQuebec\/wp-content\/uploads\/2019\/10\/DSCN4349-1-300x225.jpeg 300w, https:\/\/patrimoineduquebec.com\/GaresduQuebec\/wp-content\/uploads\/2019\/10\/DSCN4349-1-768x576.jpeg 768w\" sizes=\"auto, (max-width: 1024px) 100vw, 1024px\" \/><\/a><\/figure><\/li><li class=\"blocks-gallery-item\"><figure><a href=\"https:\/\/patrimoineduquebec.com\/GaresduQuebec\/wp-content\/uploads\/2019\/10\/archives-de-ville-de-Mont-Royal-coll.-G\u00e9rald-Arbour-voute.jpeg\"><img loading=\"lazy\" decoding=\"async\" width=\"969\" height=\"767\" src=\"https:\/\/patrimoineduquebec.com\/GaresduQuebec\/wp-content\/uploads\/2019\/10\/archives-de-ville-de-Mont-Royal-coll.-G\u00e9rald-Arbour-voute.jpeg\" alt=\"\" data-id=\"1560\" data-link=\"https:\/\/patrimoineduquebec.com\/GaresduQuebec\/ville-de-mont-royal\/archives-de-ville-de-mont-royal-coll-gerald-arbour-voute\/\" class=\"wp-image-1560\" srcset=\"https:\/\/patrimoineduquebec.com\/GaresduQuebec\/wp-content\/uploads\/2019\/10\/archives-de-ville-de-Mont-Royal-coll.-G\u00e9rald-Arbour-voute.jpeg 969w, https:\/\/patrimoineduquebec.com\/GaresduQuebec\/wp-content\/uploads\/2019\/10\/archives-de-ville-de-Mont-Royal-coll.-G\u00e9rald-Arbour-voute-300x237.jpeg 300w, https:\/\/patrimoineduquebec.com\/GaresduQuebec\/wp-content\/uploads\/2019\/10\/archives-de-ville-de-Mont-Royal-coll.-G\u00e9rald-Arbour-voute-768x608.jpeg 768w\" sizes=\"auto, (max-width: 969px) 100vw, 969px\" \/><\/a><figcaption class=\"blocks-gallery-item__caption\">Collection G\u00e9rald Arbour<\/figcaption><\/figure><\/li><li class=\"blocks-gallery-item\"><figure><a href=\"https:\/\/patrimoineduquebec.com\/GaresduQuebec\/wp-content\/uploads\/2019\/10\/archives-de-ville-de-Mont-Royal-coll.-G\u00e9rald-Arbour-tunellier.jpeg\"><img loading=\"lazy\" decoding=\"async\" width=\"968\" height=\"775\" src=\"https:\/\/patrimoineduquebec.com\/GaresduQuebec\/wp-content\/uploads\/2019\/10\/archives-de-ville-de-Mont-Royal-coll.-G\u00e9rald-Arbour-tunellier.jpeg\" alt=\"\" data-id=\"1561\" data-link=\"https:\/\/patrimoineduquebec.com\/GaresduQuebec\/ville-de-mont-royal\/archives-de-ville-de-mont-royal-coll-gerald-arbour-tunellier\/\" class=\"wp-image-1561\" srcset=\"https:\/\/patrimoineduquebec.com\/GaresduQuebec\/wp-content\/uploads\/2019\/10\/archives-de-ville-de-Mont-Royal-coll.-G\u00e9rald-Arbour-tunellier.jpeg 968w, https:\/\/patrimoineduquebec.com\/GaresduQuebec\/wp-content\/uploads\/2019\/10\/archives-de-ville-de-Mont-Royal-coll.-G\u00e9rald-Arbour-tunellier-300x240.jpeg 300w, https:\/\/patrimoineduquebec.com\/GaresduQuebec\/wp-content\/uploads\/2019\/10\/archives-de-ville-de-Mont-Royal-coll.-G\u00e9rald-Arbour-tunellier-768x615.jpeg 768w\" sizes=\"auto, (max-width: 968px) 100vw, 968px\" \/><\/a><figcaption class=\"blocks-gallery-item__caption\">Collection G\u00e9rald Arbour<\/figcaption><\/figure><\/li><li class=\"blocks-gallery-item\"><figure><a href=\"https:\/\/patrimoineduquebec.com\/GaresduQuebec\/wp-content\/uploads\/2019\/10\/C-gare-de-ville-de-mont-royal.jpeg\"><img loading=\"lazy\" decoding=\"async\" width=\"818\" height=\"528\" src=\"https:\/\/patrimoineduquebec.com\/GaresduQuebec\/wp-content\/uploads\/2019\/10\/C-gare-de-ville-de-mont-royal.jpeg\" alt=\"\" data-id=\"1670\" data-link=\"https:\/\/patrimoineduquebec.com\/GaresduQuebec\/ville-de-mont-royal\/c-gare-de-ville-de-mont-royal\/\" class=\"wp-image-1670\" srcset=\"https:\/\/patrimoineduquebec.com\/GaresduQuebec\/wp-content\/uploads\/2019\/10\/C-gare-de-ville-de-mont-royal.jpeg 818w, https:\/\/patrimoineduquebec.com\/GaresduQuebec\/wp-content\/uploads\/2019\/10\/C-gare-de-ville-de-mont-royal-300x194.jpeg 300w, https:\/\/patrimoineduquebec.com\/GaresduQuebec\/wp-content\/uploads\/2019\/10\/C-gare-de-ville-de-mont-royal-768x496.jpeg 768w\" sizes=\"auto, (max-width: 818px) 100vw, 818px\" \/><\/a><\/figure><\/li><\/ul><\/figure>\n","protected":false},"excerpt":{"rendered":"<p>Histoire La gare de ville de Mont-Royal, construite en 1917 est situ\u00e9e au 1275 chemin Dunkirk. Sa situation en plein centre g\u00e9ographique de cette ville, n\u2019est pas le fruit du hasard. L\u2019acc\u00e8s au centre-ville de Montr\u00e9al par le train \u00e9tait le principal argument de d\u00e9veloppement de cette cit\u00e9 planifi\u00e9e par une compagnie de chemin de [&hellip;]<\/p>\n","protected":false},"author":1,"featured_media":0,"parent":0,"menu_order":0,"comment_status":"closed","ping_status":"closed","template":"","meta":{"footnotes":""},"class_list":["post-1075","page","type-page","status-publish","hentry"],"_links":{"self":[{"href":"https:\/\/patrimoineduquebec.com\/GaresduQuebec\/wp-json\/wp\/v2\/pages\/1075","targetHints":{"allow":["GET"]}}],"collection":[{"href":"https:\/\/patrimoineduquebec.com\/GaresduQuebec\/wp-json\/wp\/v2\/pages"}],"about":[{"href":"https:\/\/patrimoineduquebec.com\/GaresduQuebec\/wp-json\/wp\/v2\/types\/page"}],"author":[{"embeddable":true,"href":"https:\/\/patrimoineduquebec.com\/GaresduQuebec\/wp-json\/wp\/v2\/users\/1"}],"replies":[{"embeddable":true,"href":"https:\/\/patrimoineduquebec.com\/GaresduQuebec\/wp-json\/wp\/v2\/comments?post=1075"}],"version-history":[{"count":6,"href":"https:\/\/patrimoineduquebec.com\/GaresduQuebec\/wp-json\/wp\/v2\/pages\/1075\/revisions"}],"predecessor-version":[{"id":1934,"href":"https:\/\/patrimoineduquebec.com\/GaresduQuebec\/wp-json\/wp\/v2\/pages\/1075\/revisions\/1934"}],"wp:attachment":[{"href":"https:\/\/patrimoineduquebec.com\/GaresduQuebec\/wp-json\/wp\/v2\/media?parent=1075"}],"curies":[{"name":"wp","href":"https:\/\/api.w.org\/{rel}","templated":true}]}}