{"id":1010,"date":"2019-10-01T17:14:50","date_gmt":"2019-10-01T17:14:50","guid":{"rendered":"https:\/\/patrimoineduquebec.com\/GaresduQuebec\/?page_id=1010"},"modified":"2019-10-17T14:35:11","modified_gmt":"2019-10-17T14:35:11","slug":"saint-jean-sur-richelieu-2","status":"publish","type":"page","link":"https:\/\/patrimoineduquebec.com\/GaresduQuebec\/saint-jean-sur-richelieu-2\/","title":{"rendered":"Saint-Jean-sur-Richelieu"},"content":{"rendered":"\n<p style=\"text-align:center\" class=\"has-medium-font-size\"><strong>Gare du Canadien National (CN)<\/strong><\/p>\n\n\n\n<figure class=\"wp-block-image\"><a href=\"https:\/\/patrimoineduquebec.com\/GaresduQuebec\/wp-content\/uploads\/2019\/10\/DSCN3877.jpeg\"><img loading=\"lazy\" decoding=\"async\" width=\"1024\" height=\"768\" src=\"https:\/\/patrimoineduquebec.com\/GaresduQuebec\/wp-content\/uploads\/2019\/10\/DSCN3877-1024x768.jpeg\" alt=\"\" class=\"wp-image-1016\" srcset=\"https:\/\/patrimoineduquebec.com\/GaresduQuebec\/wp-content\/uploads\/2019\/10\/DSCN3877-1024x768.jpeg 1024w, https:\/\/patrimoineduquebec.com\/GaresduQuebec\/wp-content\/uploads\/2019\/10\/DSCN3877-300x225.jpeg 300w, https:\/\/patrimoineduquebec.com\/GaresduQuebec\/wp-content\/uploads\/2019\/10\/DSCN3877-768x576.jpeg 768w\" sizes=\"auto, (max-width: 1024px) 100vw, 1024px\" \/><\/a><\/figure>\n\n\n\n<p>La gare de Saint-Jean, construite en 1890, rappelle la pr\u00e9sence au Qu\u00e9bec de la compagnie du Grand Tronc avant que celle-ci ne soit int\u00e9gr\u00e9e au Canadien National, en 1923. Son architecture est typique des petites gares de l&rsquo;\u00e9poque, avec le toit \u00e0 croupes, l&rsquo;avant-to\u00eet et les agencements d\u00e9coratifs de la brique, qui donnent une impression g\u00e9n\u00e9rale d&rsquo;horizontalit\u00e9. <\/p>\n\n\n\n<p>Le Grand Tronc avait \u00e9t\u00e9 constitu\u00e9 en 1853 pour desservir le Canada-Uni et assurer un lien avec la c\u00f4te Est. Fruit du raccordement de quelques voies existantes et de nouvelles lignes, ce r\u00e9seau finit par s&rsquo;\u00e9tendre de Sarnia (Ontario) \u00e0 Portland (Maine).<\/p>\n\n\n\n<p>Texte tir\u00e9 de la plaque avoisinant la gare.<\/p>\n\n\n\n<p>Photos : Monique Bellemare<\/p>\n\n\n\n<ul class=\"wp-block-gallery columns-3 is-cropped wp-block-gallery-1 is-layout-flex wp-block-gallery-is-layout-flex\"><li class=\"blocks-gallery-item\"><figure><a href=\"https:\/\/patrimoineduquebec.com\/GaresduQuebec\/wp-content\/uploads\/2019\/10\/DSCN3884-1024x768.jpeg\"><img loading=\"lazy\" decoding=\"async\" width=\"1024\" height=\"768\" src=\"https:\/\/patrimoineduquebec.com\/GaresduQuebec\/wp-content\/uploads\/2019\/10\/DSCN3884-1024x768.jpeg\" alt=\"\" data-id=\"1019\" data-link=\"https:\/\/patrimoineduquebec.com\/GaresduQuebec\/saint-jean-sur-richelieu-2\/st-jean-cn-2\/\" class=\"wp-image-1019\" srcset=\"https:\/\/patrimoineduquebec.com\/GaresduQuebec\/wp-content\/uploads\/2019\/10\/DSCN3884-1024x768.jpeg 1024w, https:\/\/patrimoineduquebec.com\/GaresduQuebec\/wp-content\/uploads\/2019\/10\/DSCN3884-300x225.jpeg 300w, https:\/\/patrimoineduquebec.com\/GaresduQuebec\/wp-content\/uploads\/2019\/10\/DSCN3884-768x576.jpeg 768w\" sizes=\"auto, (max-width: 1024px) 100vw, 1024px\" \/><\/a><\/figure><\/li><li class=\"blocks-gallery-item\"><figure><a href=\"https:\/\/patrimoineduquebec.com\/GaresduQuebec\/wp-content\/uploads\/2019\/10\/DSCN3885-1024x768.jpeg\"><img loading=\"lazy\" decoding=\"async\" width=\"1024\" height=\"768\" src=\"https:\/\/patrimoineduquebec.com\/GaresduQuebec\/wp-content\/uploads\/2019\/10\/DSCN3885-1024x768.jpeg\" alt=\"\" data-id=\"1020\" data-link=\"https:\/\/patrimoineduquebec.com\/GaresduQuebec\/saint-jean-sur-richelieu-2\/st-jean-cn-3\/\" class=\"wp-image-1020\" srcset=\"https:\/\/patrimoineduquebec.com\/GaresduQuebec\/wp-content\/uploads\/2019\/10\/DSCN3885-1024x768.jpeg 1024w, https:\/\/patrimoineduquebec.com\/GaresduQuebec\/wp-content\/uploads\/2019\/10\/DSCN3885-300x225.jpeg 300w, https:\/\/patrimoineduquebec.com\/GaresduQuebec\/wp-content\/uploads\/2019\/10\/DSCN3885-768x576.jpeg 768w\" sizes=\"auto, (max-width: 1024px) 100vw, 1024px\" \/><\/a><\/figure><\/li><li class=\"blocks-gallery-item\"><figure><a href=\"https:\/\/patrimoineduquebec.com\/GaresduQuebec\/wp-content\/uploads\/2019\/10\/DSCN3878-1024x768.jpg\"><img loading=\"lazy\" decoding=\"async\" width=\"1024\" height=\"768\" src=\"https:\/\/patrimoineduquebec.com\/GaresduQuebec\/wp-content\/uploads\/2019\/10\/DSCN3878-1024x768.jpg\" alt=\"\" data-id=\"1021\" data-link=\"https:\/\/patrimoineduquebec.com\/GaresduQuebec\/saint-jean-sur-richelieu-2\/dscn3878\/\" class=\"wp-image-1021\" srcset=\"https:\/\/patrimoineduquebec.com\/GaresduQuebec\/wp-content\/uploads\/2019\/10\/DSCN3878-1024x768.jpg 1024w, https:\/\/patrimoineduquebec.com\/GaresduQuebec\/wp-content\/uploads\/2019\/10\/DSCN3878-300x225.jpg 300w, https:\/\/patrimoineduquebec.com\/GaresduQuebec\/wp-content\/uploads\/2019\/10\/DSCN3878-768x576.jpg 768w\" sizes=\"auto, (max-width: 1024px) 100vw, 1024px\" \/><\/a><\/figure><\/li><li class=\"blocks-gallery-item\"><figure><a href=\"https:\/\/patrimoineduquebec.com\/GaresduQuebec\/wp-content\/uploads\/2019\/10\/DSCN3891-1024x768.jpeg\"><img loading=\"lazy\" decoding=\"async\" width=\"1024\" height=\"768\" src=\"https:\/\/patrimoineduquebec.com\/GaresduQuebec\/wp-content\/uploads\/2019\/10\/DSCN3891-1024x768.jpeg\" alt=\"\" data-id=\"1022\" data-link=\"https:\/\/patrimoineduquebec.com\/GaresduQuebec\/saint-jean-sur-richelieu-2\/st-jean-cn-4\/\" class=\"wp-image-1022\" srcset=\"https:\/\/patrimoineduquebec.com\/GaresduQuebec\/wp-content\/uploads\/2019\/10\/DSCN3891-1024x768.jpeg 1024w, https:\/\/patrimoineduquebec.com\/GaresduQuebec\/wp-content\/uploads\/2019\/10\/DSCN3891-300x225.jpeg 300w, https:\/\/patrimoineduquebec.com\/GaresduQuebec\/wp-content\/uploads\/2019\/10\/DSCN3891-768x576.jpeg 768w\" sizes=\"auto, (max-width: 1024px) 100vw, 1024px\" \/><\/a><\/figure><\/li><li class=\"blocks-gallery-item\"><figure><a href=\"https:\/\/patrimoineduquebec.com\/GaresduQuebec\/wp-content\/uploads\/2019\/10\/DSCN3876-1024x768.jpeg\"><img loading=\"lazy\" decoding=\"async\" width=\"1024\" height=\"768\" src=\"https:\/\/patrimoineduquebec.com\/GaresduQuebec\/wp-content\/uploads\/2019\/10\/DSCN3876-1024x768.jpeg\" alt=\"\" data-id=\"1024\" data-link=\"https:\/\/patrimoineduquebec.com\/GaresduQuebec\/saint-jean-sur-richelieu-2\/st-jean-cn-6\/\" class=\"wp-image-1024\" srcset=\"https:\/\/patrimoineduquebec.com\/GaresduQuebec\/wp-content\/uploads\/2019\/10\/DSCN3876-1024x768.jpeg 1024w, https:\/\/patrimoineduquebec.com\/GaresduQuebec\/wp-content\/uploads\/2019\/10\/DSCN3876-300x225.jpeg 300w, https:\/\/patrimoineduquebec.com\/GaresduQuebec\/wp-content\/uploads\/2019\/10\/DSCN3876-768x576.jpeg 768w\" sizes=\"auto, (max-width: 1024px) 100vw, 1024px\" \/><\/a><\/figure><\/li><li class=\"blocks-gallery-item\"><figure><a href=\"https:\/\/patrimoineduquebec.com\/GaresduQuebec\/wp-content\/uploads\/2019\/10\/A-gare-de-saint-jean-cn-canada-rail.jpeg\"><img loading=\"lazy\" decoding=\"async\" width=\"494\" height=\"320\" src=\"https:\/\/patrimoineduquebec.com\/GaresduQuebec\/wp-content\/uploads\/2019\/10\/A-gare-de-saint-jean-cn-canada-rail.jpeg\" alt=\"\" data-id=\"1804\" data-link=\"https:\/\/patrimoineduquebec.com\/GaresduQuebec\/saint-jean-sur-richelieu-2\/a-gare-de-saint-jean-cn-canada-rail\/\" class=\"wp-image-1804\" srcset=\"https:\/\/patrimoineduquebec.com\/GaresduQuebec\/wp-content\/uploads\/2019\/10\/A-gare-de-saint-jean-cn-canada-rail.jpeg 494w, https:\/\/patrimoineduquebec.com\/GaresduQuebec\/wp-content\/uploads\/2019\/10\/A-gare-de-saint-jean-cn-canada-rail-300x194.jpeg 300w\" sizes=\"auto, (max-width: 494px) 100vw, 494px\" \/><\/a><\/figure><\/li><\/ul>\n","protected":false},"excerpt":{"rendered":"<p>Gare du Canadien National (CN) La gare de Saint-Jean, construite en 1890, rappelle la pr\u00e9sence au Qu\u00e9bec de la compagnie du Grand Tronc avant que celle-ci ne soit int\u00e9gr\u00e9e au Canadien National, en 1923. Son architecture est typique des petites gares de l&rsquo;\u00e9poque, avec le toit \u00e0 croupes, l&rsquo;avant-to\u00eet et les agencements d\u00e9coratifs de la [&hellip;]<\/p>\n","protected":false},"author":1,"featured_media":0,"parent":0,"menu_order":0,"comment_status":"closed","ping_status":"closed","template":"","meta":{"footnotes":""},"class_list":["post-1010","page","type-page","status-publish","hentry"],"_links":{"self":[{"href":"https:\/\/patrimoineduquebec.com\/GaresduQuebec\/wp-json\/wp\/v2\/pages\/1010","targetHints":{"allow":["GET"]}}],"collection":[{"href":"https:\/\/patrimoineduquebec.com\/GaresduQuebec\/wp-json\/wp\/v2\/pages"}],"about":[{"href":"https:\/\/patrimoineduquebec.com\/GaresduQuebec\/wp-json\/wp\/v2\/types\/page"}],"author":[{"embeddable":true,"href":"https:\/\/patrimoineduquebec.com\/GaresduQuebec\/wp-json\/wp\/v2\/users\/1"}],"replies":[{"embeddable":true,"href":"https:\/\/patrimoineduquebec.com\/GaresduQuebec\/wp-json\/wp\/v2\/comments?post=1010"}],"version-history":[{"count":7,"href":"https:\/\/patrimoineduquebec.com\/GaresduQuebec\/wp-json\/wp\/v2\/pages\/1010\/revisions"}],"predecessor-version":[{"id":1806,"href":"https:\/\/patrimoineduquebec.com\/GaresduQuebec\/wp-json\/wp\/v2\/pages\/1010\/revisions\/1806"}],"wp:attachment":[{"href":"https:\/\/patrimoineduquebec.com\/GaresduQuebec\/wp-json\/wp\/v2\/media?parent=1010"}],"curies":[{"name":"wp","href":"https:\/\/api.w.org\/{rel}","templated":true}]}}